Peotone Weather

NOAA-Style Climate Reports


Report for 2021 September
                  MONTHLY CLIMATOLOGICAL SUMMARY FOR 9/2021
                                        HEAT  COOL        
     MEAN                               DEG   DEG       WIND SPEED       DOM MEAN  MEAN
DAY  TEMP  HIGH   TIME     LOW   TIME   DAYS  DAYS RAIN AVG  HI  TIME    DIR BAROM HUM
---------------------------------------------------------------------------------------
1    69.9  79.4   1:55pm  60.2  11:59pm    0    5  0.00   5  29  12:54pm  NE 29.93   72
2    67.0  79.7   1:39pm  56.3   6:25am    2    4  0.00   2  17   1:19pm   N 30.10   76
3    67.1  78.0  11:45am  57.0   6:49am    2    4  0.00   2  16  11:58am   E 30.07   79
4    68.0  72.0  12:03pm  64.1   5:26am    0    3  0.00   3  18   8:19am  SW 29.89   88
5    68.9  82.7   2:26pm  56.7   5:38am    2    6  0.00   4  22   5:12pm WSW 29.90   71
6    69.8  84.1   3:16pm  59.2   4:46am    1    6  0.00   2  15  12:46am NNW 29.91   71
7    70.7  90.0   1:38pm  61.2   2:57am    0    6  0.97   6  52   3:35pm  SW 29.77   82
8    65.6  79.6   2:05pm  55.0   6:36am    3    4  0.01   4  29   1:59pm  NW 29.82   75
9    63.6  77.5   2:05pm  53.7   6:29am    4    3  0.00   2  14  11:25am NNW 29.99   76
10   65.5  80.5   2:45pm  51.9   6:32am    4    5  0.00   2  18   2:14pm   S 30.06   75
11   72.4  86.7   2:44pm  59.2   2:07am    1    9  0.00   4  25   3:15pm  SW 29.93   77
12   77.0  88.6   3:04pm  68.8  11:58pm    0   12  0.00   7  28   9:30am  SW 29.97   73
13   74.8  89.3   2:27pm  64.1   6:26am    0   10  0.00   3  23   4:58pm  SW 30.00   77
14   76.2  87.5   1:45pm  65.0  11:58pm    0   11  0.00   8  33  11:38am  SW 29.83   74
15   66.4  79.4   2:34pm  56.5   6:38am    3    4  0.00   3  17   4:33pm ENE 30.00   70
16   66.5  83.6   2:44pm  51.2   6:13am    4    6  0.00   2  16  12:57pm ESE 30.07   70
17   73.1  89.7   2:43pm  58.4   1:55am    2   10  0.00   2  20  12:26pm  SE 30.07   71
18   73.1  86.0   2:06pm  65.4   7:08am    0    8  0.00   5  21  12:18am  NE 30.13   78
---------------------------------------------------------------------------------------
TOT  69.7  90.0   9/7/21  51.2  9/16/21   30  115  0.98   4  52   9/7/21  SW 29.97   75

HEAT BASE: 65.0
COOL BASE: 65.0