Peotone Weather

NOAA-Style Climate Reports


Report for 2022 January
                  MONTHLY CLIMATOLOGICAL SUMMARY FOR 1/2022
                                        HEAT  COOL        
     MEAN                               DEG   DEG       WIND SPEED       DOM MEAN  MEAN
DAY  TEMP  HIGH   TIME     LOW   TIME   DAYS  DAYS RAIN AVG  HI  TIME    DIR BAROM HUM
---------------------------------------------------------------------------------------
1    34.3  41.3  12:00am  28.4  11:49pm   31    0  0.34  11  34   9:02am NNE 29.80   94
2    21.5  28.5  12:00am  10.5  11:43pm   43    0  0.05   5  24   2:41am WNW 30.17   90
3    12.7  21.2  11:08pm   4.5   7:12am   52    0  0.00   4  14   1:12pm  SW 30.41   84
4    26.4  33.0   9:54pm  16.1   3:25am   38    0  0.00   9  39  10:08pm   S 30.01   85
5    17.1  32.3  12:20am   9.2  11:58pm   48    0  0.00  16  45   6:09am WSW 29.82   82
6     6.2  12.5   2:23pm  -0.8  11:53pm   59    0  0.00   9  24   6:04pm WSW 30.17   81
7     3.2  11.2  10:19pm  -4.4   6:55am   62    0  0.00   5  23   3:51am WSW 30.40   82
8    22.3  33.9  10:48pm  10.0  12:38am   43    0  0.05   7  24  11:16am SSE 30.20   87
9    22.0  34.1  12:21am   8.5  11:24pm   43    0  0.02   8  29  12:57pm  NW 30.36   81
10   12.5  21.0  11:25am   3.4  11:34pm   52    0  0.00   5  23  12:15pm  NW 30.59   71
11   18.8  31.7   2:56pm   3.3  12:08am   46    0  0.00   7  31   7:22pm   S 30.39   75
12   32.2  37.1   2:09pm  27.0   6:46am   33    0  0.00   3  17  12:10am  SW 30.04   86
13   32.6  40.0   2:59pm  25.5   4:30am   31    0  0.00   2  16  11:34am NNE 29.97   92
14   31.5  34.2   3:23am  26.9  11:57pm   33    0  0.03   6  22  11:55am  NE 30.17   93
15   20.5  26.9  12:00am  13.4  11:42pm   44    0  0.01   6  24   1:05am ENE 30.35   84
16   18.2  25.8   2:00pm   7.7   7:34am   47    0  0.00   2  16  11:45pm   E 29.99   82
17   24.7  27.4  12:18pm  20.9   1:38am   40    0  0.00   8  25   9:55am  NW 29.89   84
18   30.9  42.9   2:41pm  17.5   2:10am   34    0  0.00   8  31   7:55pm   S 29.92   85
19   23.0  38.9   1:03am  10.8  11:59pm   42    0  0.00   9  29   7:55am  NW 30.13   79
20   12.3  21.0   1:46pm   6.7   7:32am   52    0  0.00   5  18   5:35am   N 30.59   70
21   15.3  25.7   2:44pm   6.2   7:11am   50    0  0.00   2  14  10:21am   S 30.59   74
22   14.9  15.2  12:00am  14.5  12:27am    2    0  0.00   2   9  12:45am  SW 30.46   78
---------------------------------------------------------------------------------------
TOT  20.8  42.9  1/18/22  -4.4   1/7/22  924    0  0.50   7  45   1/5/22 WSW 30.19   83

HEAT BASE: 65.0
COOL BASE: 65.0