NOAA-Style Climate Reports
Select a Year or Month report
2024: Jan Feb Mar Apr May Jun Jul Aug Sep Oct Nov Dec
2023: Jan Feb Mar Apr May Jun Jul Aug Sep Oct Nov Dec
2022: Jan Feb Mar Apr May Jun Jul Aug Sep Oct Nov Dec
2021: Jan Feb Mar Apr May Jun Jul Aug Sep Oct Nov Dec
2020: Jan Feb Mar Apr May Jun Jul Aug Sep Oct Nov Dec
2019: Jan Feb Mar Apr May Jun Jul Aug Sep Oct Nov Dec
2018: Jan Feb Mar Apr May Jun Jul Aug Sep Oct Nov Dec
2017: Jan Feb Mar Apr May Jun Jul Aug Sep Oct Nov Dec
2016: Jan Feb Mar Apr May Jun Jul Aug Sep Oct Nov Dec
2015: Jan Feb Mar Apr May Jun Jul Aug Sep Oct Nov Dec
2014: Jan Feb Mar Apr May Jun Jul Aug Sep Oct Nov Dec
2013: Jan Feb Mar Apr May Jun Jul Aug Sep Oct Nov Dec
2012: Jan Feb Mar Apr May Jun Jul Aug Sep Oct Nov Dec
2011: Jan Feb Mar Apr May Jun Jul Aug Sep Oct Nov Dec
2010: Jan Feb Mar Apr May Jun Jul Aug Sep Oct Nov Dec
2009: Jan Feb Mar Apr May Jun Jul Aug Sep Oct Nov Dec
2008: Jan Feb Mar Apr May Jun Jul Aug Sep Oct Nov Dec
2007: Jan Feb Mar Apr May Jun Jul Aug Sep Oct Nov Dec
2024: Jan Feb Mar Apr May Jun Jul Aug Sep Oct Nov Dec
2023: Jan Feb Mar Apr May Jun Jul Aug Sep Oct Nov Dec
2022: Jan Feb Mar Apr May Jun Jul Aug Sep Oct Nov Dec
2021: Jan Feb Mar Apr May Jun Jul Aug Sep Oct Nov Dec
2020: Jan Feb Mar Apr May Jun Jul Aug Sep Oct Nov Dec
2019: Jan Feb Mar Apr May Jun Jul Aug Sep Oct Nov Dec
2018: Jan Feb Mar Apr May Jun Jul Aug Sep Oct Nov Dec
2017: Jan Feb Mar Apr May Jun Jul Aug Sep Oct Nov Dec
2016: Jan Feb Mar Apr May Jun Jul Aug Sep Oct Nov Dec
2015: Jan Feb Mar Apr May Jun Jul Aug Sep Oct Nov Dec
2014: Jan Feb Mar Apr May Jun Jul Aug Sep Oct Nov Dec
2013: Jan Feb Mar Apr May Jun Jul Aug Sep Oct Nov Dec
2012: Jan Feb Mar Apr May Jun Jul Aug Sep Oct Nov Dec
2011: Jan Feb Mar Apr May Jun Jul Aug Sep Oct Nov Dec
2010: Jan Feb Mar Apr May Jun Jul Aug Sep Oct Nov Dec
2009: Jan Feb Mar Apr May Jun Jul Aug Sep Oct Nov Dec
2008: Jan Feb Mar Apr May Jun Jul Aug Sep Oct Nov Dec
2007: Jan Feb Mar Apr May Jun Jul Aug Sep Oct Nov Dec
Report for 2024 April
MONTHLY CLIMATOLOGICAL SUMMARY FOR 4/2024 HEAT COOL MEAN DEG DEG WIND SPEED DOM MEAN MEAN DAY TEMP HIGH TIME LOW TIME DAYS DAYS RAIN AVG HI TIME DIR BAROM HUM --------------------------------------------------------------------------------------- 1 47.1 52.0 1:15pm 42.7 12:07am 17 0 1.82 9 31 1:05am ENE 29.83 92 2 44.9 58.6 2:40pm 36.3 9:12pm 19 0 0.24 12 53 3:05pm ENE 29.46 92 3 35.9 38.0 12:55pm 34.1 8:01am 28 0 0.34 14 36 1:50pm SW 29.33 91 4 37.7 42.4 3:27pm 35.7 1:18am 27 0 0.09 9 28 4:29pm NW 29.71 91 5 40.3 50.5 3:00pm 32.9 11:57pm 24 0 0.00 6 26 4:33pm N 30.13 75 6 42.5 57.0 3:01pm 29.9 5:23am 22 0 0.00 5 20 6:18pm ENE 30.23 67 7 44.7 54.9 12:32pm 37.4 3:21am 19 0 0.56 7 41 1:06pm ESE 29.98 82 8 56.4 72.7 4:35pm 41.7 4:23am 9 2 0.00 7 26 11:51am SSE 29.91 69 9 56.0 65.1 2:13pm 47.9 11:58pm 8 0 0.00 7 28 2:36pm SW 29.91 64 10 53.4 67.5 3:06pm 39.1 5:58am 11 0 0.00 3 20 2:50pm ENE 29.91 69 11 52.1 58.0 4:28pm 48.3 6:16am 12 0 0.11 8 30 1:40pm N 29.60 79 12 53.4 64.7 12:57pm 46.7 6:34am 11 0 0.05 10 38 4:33pm WNW 29.78 73 13 56.6 71.5 4:29pm 41.5 5:51am 9 2 0.00 6 24 2:48pm WSW 30.03 57 14 68.1 82.9 2:41pm 57.8 11:53pm 2 6 0.00 8 31 9:50am SW 29.75 55 15 62.6 77.8 4:03pm 48.3 6:25am 5 4 0.00 7 22 6:35pm ENE 29.93 52 16 64.7 81.7 3:05pm 51.5 6:09am 4 5 0.14 10 40 3:45pm SE 29.87 61 17 61.3 66.9 9:43am 51.5 11:58pm 3 1 0.00 14 47 10:33am WSW 29.73 77 18 53.2 65.7 2:39pm 43.6 6:25am 11 0 0.54 5 29 7:16pm NNE 30.02 75 19 49.3 57.6 3:01pm 40.4 6:27am 15 0 0.00 10 35 5:17pm NW 30.11 62 20 37.3 43.8 12:00am 33.3 6:09am 10 0 0.00 6 28 8:25am WNW 30.22 64 --------------------------------------------------------------------------------------- TOT 51.3 82.9 4/14/24 29.9 4/6/24 264 19 3.89 8 52 4/2/24 SW 29.86 73 HEAT BASE: 65.0 COOL BASE: 65.0