Peotone Weather

NOAA-Style Climate Reports


Report for 2022 September
                  MONTHLY CLIMATOLOGICAL SUMMARY FOR 9/2022
                                        HEAT  COOL        
     MEAN                               DEG   DEG       WIND SPEED       DOM MEAN  MEAN
DAY  TEMP  HIGH   TIME     LOW   TIME   DAYS  DAYS RAIN AVG  HI  TIME    DIR BAROM HUM
---------------------------------------------------------------------------------------
1    73.9  85.8   2:18pm  62.1   5:58am    0    9  0.00   3  17   3:18pm WSW 30.03   76
2    73.6  85.4   2:56pm  64.3   5:48am    0    9  0.00   2  24   2:53pm   S 30.03   79
3    74.2  87.3   2:02pm  62.7   6:49am    0    9  0.00   2  21  11:19pm WSW 30.08   79
4    70.5  75.7   1:19pm  68.3   9:13pm    0    6  0.07   4  24  11:59am NNE 30.05   91
5    68.3  75.0   2:42pm  64.9   9:31pm    0    3  0.00   4  20   2:42pm ENE 30.05   89
6    70.8  81.1   1:55pm  63.4   3:52am    0    6  0.00   1  16   5:53pm  NE 30.10   85
7    69.0  80.8   2:45pm  58.9  11:50pm    1    5  0.00   2  17   2:13pm NNE 30.11   81
8    67.1  81.7   2:56pm  54.8   4:10am    3    5  0.00   0  10  11:25am  SE 29.99   77
9    67.7  83.3   2:17pm  54.4   6:06am    3    6  0.00   2  17  11:52am   S 29.94   77
10   70.6  83.9   3:07pm  58.4   6:22am    2    7  0.00   1  31   3:05pm  SW 30.01   75
11   63.3  68.0  11:16am  57.2  11:58pm    2    0  1.34   4  26   3:22pm WNW 29.91   93
12   55.9  59.2   5:48pm  52.9   8:19am    9    0  0.27   7  26   8:44am WSW 29.81   92
13   64.0  75.6   2:08pm  54.9  12:00am    3    2  0.00   2  15  11:32am WNW 29.90   89
14   65.3  79.0   2:38pm  53.6   5:35am    4    4  0.00   1  12  12:08pm ENE 30.12   82
15   68.1  82.9   2:10pm  57.4   6:52am    2    6  0.01   1  15  11:42am   S 30.18   82
16   69.3  83.8   2:54pm  58.6   5:17am    2    6  0.01   2  18   2:28pm   S 30.11   80
17   72.4  84.8   1:22pm  62.3   6:48am    1    8  0.00   4  28  12:19pm  SW 30.02   75
18   74.3  85.2   1:41pm  65.1   3:13am    0    9  0.01   3  22  12:33pm  SW 29.93   75
19   70.1  80.3   2:13pm  60.1  11:49pm    1    6  0.00   2  23  12:38am ENE 29.95   81
20   74.5  93.2   2:33pm  57.8   6:33am    2   12  0.00   4  22   3:06pm  SW 29.93   77
21   76.2  89.4   1:45pm  61.5  11:58pm    0   11  0.00   5  23  11:49am  SW 29.85   68
22   57.3  67.2   2:09pm  47.6  11:37pm    8    0  0.00   6  25   2:40pm NNW 30.14   69
23   53.1  61.4   1:54pm  43.5   5:59am   12    0  0.00   2  15   9:09am  SE 30.21   75
24   62.7  76.0   3:02pm  52.4   3:42am    5    3  0.00   6  23   3:37pm WSW 29.90   75
25   60.3  65.3   5:26pm  52.8  11:18pm    5    0  0.00   6  26   4:39pm   W 29.78   79
26   54.6  65.0   2:51pm  46.7   6:47am   10    0  0.00   6  28  12:37pm  NW 29.90   71
27   49.9  62.6   2:21pm  40.0   6:47am   15    0  0.00   5  29  11:38am NNW 30.12   71
28   48.1  61.7  12:52pm  42.3   2:08am    9    0  0.00   5  17  11:19am NNW 30.39   81
---------------------------------------------------------------------------------------
TOT  66.2  93.2  9/20/22  40.0  9/27/22   99  132  1.71   3  29  9/10/22 WSW 30.01   79

HEAT BASE: 65.0
COOL BASE: 65.0