2024: 2024_01.txt
Jan | 2024_02.txt
Feb | 2024_03.txt
Mar | 2024_04.txt
Apr | 2024_05.txt
May | 2024_06.txt
Jun | 2024_07.txt
Jul | 2024_08.txt
Aug | 2024_09.txt
Sep | 2024_10.txt
Oct | 2024_11.txt
Nov | 2024_12.txt
Dec
2023: 2023_01.txt
Jan | 2023_02.txt
Feb | 2023_03.txt
Mar | 2023_04.txt
Apr | 2023_05.txt
May | 2023_06.txt
Jun | 2023_07.txt
Jul | 2023_08.txt
Aug | 2023_09.txt
Sep | 2023_10.txt
Oct | 2023_11.txt
Nov | 2023_12.txt
Dec
2022: 2022_01.txt
Jan | 2022_02.txt
Feb | 2022_03.txt
Mar | 2022_04.txt
Apr | 2022_05.txt
May | 2022_06.txt
Jun | 2022_07.txt
Jul | 2022_08.txt
Aug | 2022_09.txt
Sep | 2022_10.txt
Oct | 2022_11.txt
Nov | 2022_12.txt
Dec
2021: 2021_01.txt
Jan | 2021_02.txt
Feb | 2021_03.txt
Mar | 2021_04.txt
Apr | 2021_05.txt
May | 2021_06.txt
Jun | 2021_07.txt
Jul | 2021_08.txt
Aug | 2021_09.txt
Sep | 2021_10.txt
Oct | 2021_11.txt
Nov | 2021_12.txt
Dec
2020: 2020_01.txt
Jan | 2020_02.txt
Feb | 2020_03.txt
Mar | 2020_04.txt
Apr | 2020_05.txt
May | 2020_06.txt
Jun | 2020_07.txt
Jul | 2020_08.txt
Aug | 2020_09.txt
Sep | 2020_10.txt
Oct | 2020_11.txt
Nov | 2020_12.txt
Dec
2019: 2019_01.txt
Jan | 2019_02.txt
Feb | 2019_03.txt
Mar | 2019_04.txt
Apr | 2019_05.txt
May | 2019_06.txt
Jun | 2019_07.txt
Jul | 2019_08.txt
Aug | 2019_09.txt
Sep | 2019_10.txt
Oct | 2019_11.txt
Nov | 2019_12.txt
Dec
2018: 2018_01.txt
Jan | 2018_02.txt
Feb | 2018_03.txt
Mar | 2018_04.txt
Apr | 2018_05.txt
May | 2018_06.txt
Jun | 2018_07.txt
Jul | 2018_08.txt
Aug | 2018_09.txt
Sep | 2018_10.txt
Oct | 2018_11.txt
Nov | 2018_12.txt
Dec
2017: 2017_01.txt
Jan | 2017_02.txt
Feb | 2017_03.txt
Mar | 2017_04.txt
Apr | 2017_05.txt
May | 2017_06.txt
Jun | 2017_07.txt
Jul | 2017_08.txt
Aug | 2017_09.txt
Sep | 2017_10.txt
Oct | 2017_11.txt
Nov | 2017_12.txt
Dec
2016: 2016_01.txt
Jan | 2016_02.txt
Feb | 2016_03.txt
Mar | 2016_04.txt
Apr | 2016_05.txt
May | 2016_06.txt
Jun | 2016_07.txt
Jul | 2016_08.txt
Aug | 2016_09.txt
Sep | 2016_10.txt
Oct | 2016_11.txt
Nov | 2016_12.txt
Dec
2015: 2015_01.txt
Jan | 2015_02.txt
Feb | 2015_03.txt
Mar | 2015_04.txt
Apr | 2015_05.txt
May | 2015_06.txt
Jun | 2015_07.txt
Jul | 2015_08.txt
Aug | 2015_09.txt
Sep | 2015_10.txt
Oct | 2015_11.txt
Nov | 2015_12.txt
Dec
2014: 2014_01.txt
Jan | 2014_02.txt
Feb | 2014_03.txt
Mar | 2014_04.txt
Apr | 2014_05.txt
May | 2014_06.txt
Jun | 2014_07.txt
Jul | 2014_08.txt
Aug | 2014_09.txt
Sep | 2014_10.txt
Oct | 2014_11.txt
Nov | 2014_12.txt
Dec
2013: 2013_01.txt
Jan | 2013_02.txt
Feb | 2013_03.txt
Mar | 2013_04.txt
Apr | 2013_05.txt
May | 2013_06.txt
Jun | 2013_07.txt
Jul | 2013_08.txt
Aug | 2013_09.txt
Sep | 2013_10.txt
Oct | 2013_11.txt
Nov | 2013_12.txt
Dec
2012: 2012_01.txt
Jan | 2012_02.txt
Feb | 2012_03.txt
Mar | 2012_04.txt
Apr | 2012_05.txt
May | 2012_06.txt
Jun | 2012_07.txt
Jul | 2012_08.txt
Aug | 2012_09.txt
Sep | 2012_10.txt
Oct | 2012_11.txt
Nov | 2012_12.txt
Dec
2011: 2011_01.txt
Jan | 2011_02.txt
Feb | 2011_03.txt
Mar | 2011_04.txt
Apr | 2011_05.txt
May | 2011_06.txt
Jun | 2011_07.txt
Jul | 2011_08.txt
Aug | 2011_09.txt
Sep | 2011_10.txt
Oct | 2011_11.txt
Nov | 2011_12.txt
Dec
2010: 2010_01.txt
Jan | 2010_02.txt
Feb | 2010_03.txt
Mar | 2010_04.txt
Apr | 2010_05.txt
May | 2010_06.txt
Jun | 2010_07.txt
Jul | 2010_08.txt
Aug | 2010_09.txt
Sep | 2010_10.txt
Oct | 2010_11.txt
Nov | 2010_12.txt
Dec
2009: 2009_01.txt
Jan | 2009_02.txt
Feb | 2009_03.txt
Mar | 2009_04.txt
Apr | 2009_05.txt
May | 2009_06.txt
Jun | 2009_07.txt
Jul | 2009_08.txt
Aug | 2009_09.txt
Sep | 2009_10.txt
Oct | 2009_11.txt
Nov | 2009_12.txt
Dec
2008: 2008_01.txt
Jan | 2008_02.txt
Feb | 2008_03.txt
Mar | 2008_04.txt
Apr | 2008_05.txt
May | 2008_06.txt
Jun | 2008_07.txt
Jul | 2008_08.txt
Aug | 2008_09.txt
Sep | 2008_10.txt
Oct | 2008_11.txt
Nov | 2008_12.txt
Dec
2007: 2007_01.txt
Jan | 2007_02.txt
Feb | 2007_03.txt
Mar | 2007_04.txt
Apr | 2007_05.txt
May | 2007_06.txt
Jun | 2007_07.txt
Jul | 2007_08.txt
Aug | 2007_09.txt
Sep | 2007_10.txt
Oct | 2007_11.txt
Nov | 2007_12.txt
Dec
Report for 2023 04
MONTHLY CLIMATOLOGICAL SUMMARY FOR 4/2023
HEAT COOL
MEAN DEG DEG WIND SPEED DOM MEAN MEAN
DAY TEMP HIGH TIME LOW TIME DAYS DAYS RAIN AVG HI TIME DIR BAROM HUM
---------------------------------------------------------------------------------------
1 40.5 52.3 12:00am 32.0 11:58pm 24 0 0.09 10 44 8:12am NW 29.72 81
2 43.0 58.1 3:22pm 28.6 4:45am 22 0 0.00 7 36 5:47pm SSE 30.01 76
3 51.6 65.0 1:53pm 38.1 5:31am 13 0 0.00 8 39 9:22pm ENE 29.80 67
4 58.0 72.2 11:50pm 45.8 5:46am 9 2 0.02 9 35 12:03am ENE 29.73 87
5 59.5 72.8 1:40am 38.1 11:55pm 8 3 0.22 13 50 11:09am SW 29.75 77
6 41.8 53.3 3:34pm 32.0 7:00am 23 0 0.00 6 27 3:44pm WSW 30.37 63
7 43.9 58.6 2:20pm 31.9 3:43am 21 0 0.00 6 27 3:32pm ENE 30.52 58
8 48.8 66.2 3:18pm 34.0 5:32am 16 0 0.00 5 24 2:15pm ESE 30.41 58
9 53.1 70.7 3:14pm 37.1 6:08am 13 1 0.00 5 24 12:26pm ESE 30.43 52
10 56.7 73.2 2:40pm 38.4 6:13am 10 2 0.00 5 20 10:22am ESE 30.35 48
11 63.5 79.7 3:48pm 41.1 6:25am 6 5 0.00 7 33 4:22pm SW 30.20 51
12 69.4 83.5 4:29pm 54.2 6:23am 2 7 0.00 13 41 4:56pm SW 29.98 46
13 68.4 85.3 3:12pm 47.6 6:04am 4 7 0.00 6 25 2:43pm SW 29.87 44
14 66.4 85.2 3:36pm 49.9 5:53am 4 6 0.00 4 26 4:11pm SE 29.79 52
15 70.1 85.0 2:30pm 57.8 3:15am 2 7 0.00 7 33 1:40pm SSE 29.76 63
16 46.3 63.4 12:00am 35.0 11:57pm 19 0 0.30 14 42 11:14am SW 29.66 88
17 36.6 41.5 4:54pm 32.0 7:13am 28 0 0.04 13 38 1:08pm NW 29.73 79
18 45.7 61.4 4:55pm 32.2 4:24am 19 0 0.00 5 24 11:26am WSW 29.97 63
19 58.7 81.2 4:10pm 41.2 4:28am 10 3 0.44 9 51 4:50pm SE 29.93 59
20 67.0 81.4 3:26pm 50.1 11:57pm 2 4 0.39 11 42 7:00pm S 29.82 69
21 52.8 65.4 4:25pm 44.5 6:43am 12 0 0.00 7 31 3:36pm SW 29.92 66
22 41.8 46.5 3:35pm 38.0 9:56pm 23 0 0.00 9 41 11:51am WSW 29.90 70
23 38.9 41.9 1:07pm 34.8 5:56am 26 0 0.00 6 21 2:29pm WSW 30.11 73
24 45.7 57.9 2:02pm 32.6 4:17am 19 0 0.00 5 26 3:05pm SW 30.20 56
25 46.2 58.0 1:18pm 33.5 11:58pm 19 0 0.01 6 31 3:44pm NNE 30.17 73
26 43.3 56.8 2:35pm 30.6 4:40am 22 0 0.00 6 25 3:46pm ENE 30.26 65
27 52.1 71.0 3:05pm 32.5 4:54am 14 1 0.00 6 23 9:02am E 30.03 54
28 55.2 67.8 4:20pm 43.7 11:51pm 10 0 0.00 5 23 3:06pm NE 29.83 55
29 50.9 61.2 10:35am 39.0 6:08am 14 0 0.04 6 27 10:03am SW 29.68 67
30 43.6 50.1 10:39am 39.5 6:16am 21 0 0.36 9 37 2:42pm WSW 29.50 80
---------------------------------------------------------------------------------------
TOT 52.0 85.3 4/13/23 28.6 4/2/23 436 47 1.91 8 45 4/5/23 SW 29.98 65
HEAT BASE: 65.0
COOL BASE: 65.0
|