Peotone Weather

NOAA-Style Climate Reports


Report for 2017 April
                  MONTHLY CLIMATOLOGICAL SUMMARY FOR 4/2017
                                        HEAT  COOL        
     MEAN                               DEG   DEG       WIND SPEED       DOM MEAN  MEAN
DAY  TEMP  HIGH   TIME     LOW   TIME   DAYS  DAYS RAIN AVG  HI  TIME    DIR BAROM HUM
---------------------------------------------------------------------------------------
1    45.9  60.3   3:38pm  33.0   6:41am   19    0  0.00   3  13  11:28am  NW 30.20   69
2    50.8  61.0   5:17pm  41.4   3:28am   14    0  0.00   3  18   5:15pm ESE 30.09   69
3    52.3  57.4   7:36pm  47.4  11:58pm   13    0  0.54   5  22   9:23pm   E 29.54   88
4    48.8  55.3   3:54pm  43.9  10:54pm   16    0  0.00   6  24   3:50am WNW 29.71   88
5    43.2  47.0  11:55am  38.7  11:31pm   22    0  1.27   9  37   9:21pm  NE 29.74   92
6    42.4  51.9   1:14pm  36.5   5:29am   23    0  0.37  11  36   4:30am NNW 29.83   81
7    43.4  58.7   3:10pm  32.4   6:14am   22    0  0.00   6  18   8:56am WNW 30.09   61
8    51.3  67.8   3:52pm  34.4   4:28am   14    0  0.00   8  29   5:06pm SSE 30.00   62
9    64.1  76.7   2:23pm  51.4  12:45am    4    3  0.00  13  46   5:15pm SSE 29.77   62
10   65.4  71.1  12:38pm  47.3  11:59pm    1    2  0.07  11  41   4:11pm   S 29.81   74
11   47.7  54.0   4:16pm  41.0  11:53pm   17    0  0.00   6  23  12:38pm   W 30.17   82
12   50.6  65.9   3:50pm  36.7   4:05am   14    0  0.00   2  16   6:36pm ENE 30.36   67
13   55.0  69.2   4:09pm  45.9   8:39am   10    0  0.16   5  20   4:24am ENE 30.27   73
14   59.6  77.6   3:09pm  45.8   6:16am    7    2  0.62   5  30   7:30pm ESE 30.17   79
15   70.2  81.4   3:17pm  58.2   3:13am    2    7  0.00  11  36   1:54pm   S 29.95   69
16   63.8  73.0   3:07pm  54.4  11:52pm    3    2  0.16   9  33  12:47am WNW 29.94   72
17   58.8  73.7   4:08pm  44.6   6:31am    8    2  0.01   2  17   4:08pm  NE 30.14   58
18   62.0  77.8   2:24pm  42.6   3:28am    7    4  0.00   7  30   5:18pm SSE 30.09   65
19   60.8  73.2   1:34pm  47.3  10:40pm    5    1  0.06   7  24   8:33pm  NE 30.01   83
20   62.8  76.4  10:52am  48.7  12:00am    4    2  0.02  13  34   1:44pm WNW 29.87   77
21   49.0  54.2  12:37pm  43.2   6:25am   16    0  0.00   8  30  12:22am WNW 30.07   68
22   49.7  62.4   2:47pm  40.5   2:17am   15    0  0.00   5  26  12:29pm  NE 30.16   62
23   54.9  72.8   1:21pm  37.0   6:00am   12    1  0.00   3  16   2:25pm  NE 30.10   48
24   59.8  77.6   3:19pm  40.8   5:36am    8    3  0.00   4  22   3:51pm ESE 29.91   50
25   66.3  81.2   4:28pm  49.9   3:53am    4    6  0.00   6  31   4:49pm SSE 29.64   62
26   69.6  78.1   3:51pm  61.6   3:26am    1    4  0.00   9  32  11:27am SSE 29.46   68
---------------------------------------------------------------------------------------
TOT  55.6  81.4  4/15/17  32.4   4/7/17  282   40  3.28   7  46   4/9/17 ENE 29.97   70

HEAT BASE: 65.0
COOL BASE: 65.0