Peotone Weather

NOAA-Style Climate Reports


Report for 2018 August
                  MONTHLY CLIMATOLOGICAL SUMMARY FOR 8/2018
                                        HEAT  COOL        
     MEAN                               DEG   DEG       WIND SPEED       DOM MEAN  MEAN
DAY  TEMP  HIGH   TIME     LOW   TIME   DAYS  DAYS RAIN AVG  HI  TIME    DIR BAROM HUM
---------------------------------------------------------------------------------------
1    72.0  86.0   2:44pm  59.5   3:21am    1    8  0.01   3  16   2:50pm   W 29.96   70
2    73.9  87.9   1:36pm  61.3   5:15am    0    9  0.00   5  23  12:12pm SSE 29.95   70
3    74.0  88.6   4:35pm  56.8   6:00am    1   10  0.00   1  13   2:12pm  NW 30.02   70
4    79.9  95.2   2:49pm  66.2   5:58am    0   15  0.00   4  22   3:31pm SSE 30.03   66
5    81.4  94.5   2:52pm  68.5   4:48am    0   16  0.00   6  24   2:15pm SSE 30.05   65
6    77.6  89.4   4:10pm  71.5   5:26am    0   12  0.02   3  20   5:03pm SSE 29.99   79
7    74.0  82.9  11:34am  67.0  11:47pm    0    9  0.65   2  15   1:27pm WSW 29.93   85
8    72.9  83.7   3:52pm  66.8   4:45am    0    8  0.12   1  15  12:45pm  SW 29.91   85
9    76.2  90.1   2:49pm  63.0   4:28am    0   11  0.01   4  21  12:38pm   W 29.93   72
10   74.8  86.0   1:32pm  66.3   6:07am    0   10  0.00   2  16   5:41pm  NE 29.91   80
11   75.3  88.7   2:48pm  65.1   5:51am    0   10  0.01   2  14  11:41am   N 29.98   71
12   75.0  88.3   2:37pm  64.4  10:59pm    0   10  0.00   2  20   3:09pm  NE 30.08   65
13   73.4  87.5   2:13pm  60.2   5:45am    1    9  0.00   1   9  11:57am NNW 30.06   72
14   75.2  89.2   3:14pm  62.6   6:26am    0   10  0.00   2  14   3:15pm SSE 29.97   67
15   74.2  85.1   3:04pm  68.1  12:27am    0    9  0.00   3  24   6:20pm  SE 29.92   79
16   76.4  87.1   4:23pm  68.9   3:50am    0   11  0.00   1  12   4:14pm ENE 29.91   77
17   71.4  81.9   4:36pm  65.9   4:12am    0    6  0.91   2  31  12:38am ENE 29.94   89
18   72.7  82.3   2:08pm  65.3  11:49pm    0    8  0.01   2  14  12:03pm  NE 29.98   84
19   73.3  86.4   3:43pm  61.5   5:45am    1    9  0.00   1  13   2:04pm ESE 29.95   78
20   71.0  80.3   4:41pm  65.6   5:28am    0    6  1.35   3  18   2:11pm ESE 29.83   88
21   70.5  77.7   3:54pm  66.5   5:57am    0    4  0.05   4  25  12:56pm NNW 29.78   90
---------------------------------------------------------------------------------------
TOT  74.6  95.2   8/4/18  56.8   8/3/18    5  201  3.14   3  31  8/17/18 SSE 29.96   76

HEAT BASE: 65.0
COOL BASE: 65.0