Peotone Weather

NOAA-Style Climate Reports


Report for 2018 April
                  MONTHLY CLIMATOLOGICAL SUMMARY FOR 4/2018
                                        HEAT  COOL        
     MEAN                               DEG   DEG       WIND SPEED       DOM MEAN  MEAN
DAY  TEMP  HIGH   TIME     LOW   TIME   DAYS  DAYS RAIN AVG  HI  TIME    DIR BAROM HUM
---------------------------------------------------------------------------------------
1    31.5  36.2  12:32pm  25.6   6:58am   33    0  0.00   5  17  12:38am WNW 30.24   65
2    34.4  46.0   5:37pm  19.1   6:53am   30    0  0.00   5  24   1:16pm ESE 30.08   70
3    41.0  45.9   3:24pm  35.6  11:59pm   24    0  0.15   6  28  11:49pm ENE 29.66   94
4    31.8  35.9  12:46pm  27.8   6:12am   33    0  0.03  13  39   3:35am   W 30.09   77
5    32.7  40.9   1:48pm  25.6   6:25am   32    0  0.10   4  17   1:19pm   W 30.19   78
6    34.0  38.4   3:52am  24.3  11:58pm   31    0  0.01  10  36  11:57am WNW 30.00   74
7    29.0  40.3   2:44pm  18.2   6:44am   36    0  0.00   6  25   3:44pm WNW 30.16   60
8    32.6  44.3   3:46pm  19.2   6:02am   32    0  0.00   2  15   3:26pm  NE 30.11   61
9    34.2  40.3   3:22pm  30.8   1:34am   31    0  0.15   2  14   3:54pm ENE 30.19   89
10   37.7  46.1   4:17pm  28.3   6:08am   27    0  0.00   5  21   4:06pm   W 30.27   72
11   52.2  69.6   3:27pm  35.9   6:15am   13    0  0.00   8  23   7:37am SSE 29.98   64
12   60.4  78.6   3:03pm  45.4  11:58pm    7    3  0.00  10  37   9:20am  NE 29.69   62
13   51.9  74.5  12:26pm  41.2   6:02am   14    1  0.02   6  33  11:56am  NE 29.70   81
14   42.2  44.4  12:51pm  39.8  11:48pm   23    0  0.71   9  30   9:56pm  NE 29.75   95
15   37.2  40.5   2:46pm  30.6  11:58pm   28    0  0.79   6  24   7:36am  NE 29.73   95
16   31.4  35.4   4:01pm  28.3   6:26am   33    0  0.00   8  30   2:42pm   W 29.90   84
17   35.2  45.5   4:57pm  29.2   5:11am   30    0  0.00   8  25   8:13am WNW 29.95   72
18   34.2  39.8   2:03pm  27.9   3:12am   31    0  0.03   6  26  12:49pm ENE 29.87   83
19   42.1  57.8   3:01pm  32.9   1:26am   23    0  0.07   6  21   2:16pm NNW 30.30   73
20   46.6  64.1   3:06pm  30.1   5:44am   18    0  0.00   3  17   5:32pm  NE 30.49   51
21   47.2  57.6   3:36pm  39.1   2:10am   18    0  0.00   3  20   4:34pm ENE 30.42   49
22   52.5  67.8   3:05pm  42.4  12:00am   13    0  0.00   6  25  11:21am  NE 30.30   48
23   51.7  68.0   3:45pm  42.4  12:59am   13    0  0.01   6  22   4:54pm  NE 30.14   59
24   47.9  49.8   2:13am  46.2   5:21am    4    0  0.01   3  10  12:09am  NE 30.06   95
---------------------------------------------------------------------------------------
TOT  40.2  78.6  4/12/18  18.2   4/7/18  578    5  2.08   6  39   4/4/18  NE 30.05   72

HEAT BASE: 65.0
COOL BASE: 65.0