NOAA-Style Climate Reports
Select a Year or Month report
2024: Jan Feb Mar Apr May Jun Jul Aug Sep Oct Nov Dec
2023: Jan Feb Mar Apr May Jun Jul Aug Sep Oct Nov Dec
2022: Jan Feb Mar Apr May Jun Jul Aug Sep Oct Nov Dec
2021: Jan Feb Mar Apr May Jun Jul Aug Sep Oct Nov Dec
2020: Jan Feb Mar Apr May Jun Jul Aug Sep Oct Nov Dec
2019: Jan Feb Mar Apr May Jun Jul Aug Sep Oct Nov Dec
2018: Jan Feb Mar Apr May Jun Jul Aug Sep Oct Nov Dec
2017: Jan Feb Mar Apr May Jun Jul Aug Sep Oct Nov Dec
2016: Jan Feb Mar Apr May Jun Jul Aug Sep Oct Nov Dec
2015: Jan Feb Mar Apr May Jun Jul Aug Sep Oct Nov Dec
2014: Jan Feb Mar Apr May Jun Jul Aug Sep Oct Nov Dec
2013: Jan Feb Mar Apr May Jun Jul Aug Sep Oct Nov Dec
2012: Jan Feb Mar Apr May Jun Jul Aug Sep Oct Nov Dec
2011: Jan Feb Mar Apr May Jun Jul Aug Sep Oct Nov Dec
2010: Jan Feb Mar Apr May Jun Jul Aug Sep Oct Nov Dec
2009: Jan Feb Mar Apr May Jun Jul Aug Sep Oct Nov Dec
2008: Jan Feb Mar Apr May Jun Jul Aug Sep Oct Nov Dec
2007: Jan Feb Mar Apr May Jun Jul Aug Sep Oct Nov Dec
2024: Jan Feb Mar Apr May Jun Jul Aug Sep Oct Nov Dec
2023: Jan Feb Mar Apr May Jun Jul Aug Sep Oct Nov Dec
2022: Jan Feb Mar Apr May Jun Jul Aug Sep Oct Nov Dec
2021: Jan Feb Mar Apr May Jun Jul Aug Sep Oct Nov Dec
2020: Jan Feb Mar Apr May Jun Jul Aug Sep Oct Nov Dec
2019: Jan Feb Mar Apr May Jun Jul Aug Sep Oct Nov Dec
2018: Jan Feb Mar Apr May Jun Jul Aug Sep Oct Nov Dec
2017: Jan Feb Mar Apr May Jun Jul Aug Sep Oct Nov Dec
2016: Jan Feb Mar Apr May Jun Jul Aug Sep Oct Nov Dec
2015: Jan Feb Mar Apr May Jun Jul Aug Sep Oct Nov Dec
2014: Jan Feb Mar Apr May Jun Jul Aug Sep Oct Nov Dec
2013: Jan Feb Mar Apr May Jun Jul Aug Sep Oct Nov Dec
2012: Jan Feb Mar Apr May Jun Jul Aug Sep Oct Nov Dec
2011: Jan Feb Mar Apr May Jun Jul Aug Sep Oct Nov Dec
2010: Jan Feb Mar Apr May Jun Jul Aug Sep Oct Nov Dec
2009: Jan Feb Mar Apr May Jun Jul Aug Sep Oct Nov Dec
2008: Jan Feb Mar Apr May Jun Jul Aug Sep Oct Nov Dec
2007: Jan Feb Mar Apr May Jun Jul Aug Sep Oct Nov Dec
Report for 2024 March
MONTHLY CLIMATOLOGICAL SUMMARY FOR 3/2024 HEAT COOL MEAN DEG DEG WIND SPEED DOM MEAN MEAN DAY TEMP HIGH TIME LOW TIME DAYS DAYS RAIN AVG HI TIME DIR BAROM HUM --------------------------------------------------------------------------------------- 1 36.6 45.7 2:09pm 25.6 4:18am 28 0 0.00 5 22 11:18am SSE 30.21 65 2 43.3 59.2 2:01pm 29.5 5:47am 21 0 0.00 5 22 3:35pm SSE 30.09 78 3 54.9 72.2 2:13pm 37.0 2:47am 11 1 0.00 13 43 2:45pm SSE 29.91 71 4 60.1 70.6 3:04pm 48.4 5:51am 5 1 0.01 9 36 2:44pm SSE 29.88 82 5 43.5 61.6 12:28am 39.4 8:09pm 21 0 0.82 10 30 3:05am N 29.96 91 6 42.6 53.0 12:28pm 35.0 11:43pm 22 0 0.00 9 32 10:43am NNE 30.08 83 7 42.4 47.4 3:50pm 35.2 12:00am 22 0 0.00 5 18 9:29am E 30.09 84 8 45.2 52.1 2:39pm 40.6 11:50pm 19 0 1.41 6 22 7:58pm E 29.87 95 9 39.5 46.6 1:59pm 31.9 11:21pm 25 0 0.00 8 28 8:02pm NW 29.90 79 10 37.1 49.0 2:42pm 27.8 7:05am 26 0 0.00 8 29 11:18am NW 30.13 61 11 47.1 66.0 2:58pm 28.9 5:31am 17 0 0.00 10 37 2:03pm SW 30.10 59 12 55.3 70.7 2:31pm 37.6 7:05am 10 1 0.00 10 35 2:41pm SW 29.88 60 13 55.6 69.8 1:20pm 42.4 6:36am 9 1 0.03 4 18 7:24pm SSE 29.84 69 14 53.0 67.9 2:51pm 44.4 11:58pm 11 0 0.63 9 34 3:56pm NNE 29.83 86 15 44.8 57.7 3:17pm 38.3 11:58pm 19 0 0.00 7 24 12:09am N 30.09 79 16 46.3 59.7 1:11pm 36.6 6:02am 18 0 0.00 11 44 11:26am SW 29.83 70 17 36.0 41.7 1:37pm 31.0 7:00am 28 0 0.00 9 28 10:32am WNW 29.90 60 18 30.7 36.4 1:13pm 23.5 7:13am 28 0 0.00 7 24 8:57am NW 30.12 61 --------------------------------------------------------------------------------------- TOT 45.3 72.2 3/3/24 23.5 3/18/24 338 6 2.90 8 41 3/3/24 SSE 29.98 74 HEAT BASE: 65.0 COOL BASE: 65.0