Peotone Weather

NOAA-Style Climate Reports


Report for 2018 June
                  MONTHLY CLIMATOLOGICAL SUMMARY FOR 6/2018
                                        HEAT  COOL        
     MEAN                               DEG   DEG       WIND SPEED       DOM MEAN  MEAN
DAY  TEMP  HIGH   TIME     LOW   TIME   DAYS  DAYS RAIN AVG  HI  TIME    DIR BAROM HUM
---------------------------------------------------------------------------------------
1    69.6  85.6  10:08am  54.3  11:45pm    2    6  0.00   5  25  12:59pm  NE 29.85   77
2    66.3  84.9   5:27pm  51.8   5:27am    4    5  0.00   4  17   1:35pm  NE 29.90   78
3    70.2  82.5   2:41pm  60.1  11:59pm    1    6  0.00  10  40   3:52pm WNW 29.87   63
4    68.5  80.7   4:00pm  52.6   4:49am    3    6  0.00   6  24   3:15pm  NW 29.97   58
5    65.4  83.8  11:52am  53.3  11:55pm    3    3  0.00   7  33  11:42am  NE 29.86   61
6    67.1  82.1   3:34pm  48.1   3:56am    4    6  0.00   3  22   2:34pm  SE 29.93   64
7    74.3  90.0   3:26pm  62.2  11:53pm    0    9  0.00   3  20   5:01pm  NE 29.97   67
8    67.6  79.1   4:12pm  60.1   3:01am    1    4  0.03   3  18   8:35am  NE 30.09   77
9    69.4  83.3   5:16pm  60.7  12:48am    1    5  0.28   2  18   5:52am ENE 29.99   84
10   66.6  73.0  12:17pm  62.2  12:17am    0    2  0.53   4  26   4:07am  NE 29.84   94
11   67.4  71.8   5:24pm  63.9   5:24am    0    3  0.04   4  15   9:01am ENE 29.87   95
12   73.5  80.8   5:02pm  68.0   4:08am    0    8  0.03   2  14   8:28am ESE 29.86   89
13   74.3  84.5   3:39pm  60.5  11:26pm    0    9  0.00   4  21   1:14pm  NW 29.93   73
14   71.0  82.1   1:37pm  57.3   2:08am    1    7  0.00   1  13   4:08pm SSE 30.03   66
15   76.2  90.8   3:55pm  61.0   2:13am    1   12  0.00   3  15   5:29pm SSE 29.97   69
16   81.1  94.7   3:05pm  68.0   5:55am    0   16  0.16   3  16   4:54am SSE 29.95   73
17   84.3  95.7   2:30pm  73.7   2:46am    0   19  0.00   5  21   3:56pm   S 29.97   68
18   84.6  95.1   2:44pm  73.4  11:08pm    0   19  0.13   7  25   4:16pm WSW 29.94   69
19   73.5  88.5  12:58pm  66.6   3:52am    0    8  0.41   3  15  10:03am  NE 29.90   88
20   71.8  83.4   3:12pm  65.6  10:02pm    0    7  0.12   3  17  10:18pm  NE 29.84   85
21   66.8  69.4  12:00pm  63.3  11:36pm    0    2  3.14   4  21   4:14pm ENE 29.75   92
22   63.9  67.9   4:11pm  62.4  12:58pm    1    0  0.15   4  16   3:01pm  NE 29.71   92
23   68.1  75.4   3:52pm  62.5   1:59am    1    4  0.00   2  13  12:40am WNW 29.75   83
24   66.7  67.6  12:00am  64.7   4:58am    0    0  0.00   3   9  12:26am WSW 29.83   91
---------------------------------------------------------------------------------------
TOT  71.3  95.7  6/17/18  48.1   6/6/18   24  169  5.02   4  40   6/3/18  NE 29.90   77

HEAT BASE: 65.0
COOL BASE: 65.0