Peotone Weather

NOAA-Style Climate Reports


Report for 2019 July
                  MONTHLY CLIMATOLOGICAL SUMMARY FOR 7/2019
                                        HEAT  COOL        
     MEAN                               DEG   DEG       WIND SPEED       DOM MEAN  MEAN
DAY  TEMP  HIGH   TIME     LOW   TIME   DAYS  DAYS RAIN AVG  HI  TIME    DIR BAROM HUM
---------------------------------------------------------------------------------------
1    76.6  88.7   4:59pm  66.4   2:07am    0   13  0.01   3  20  10:39am WNW 29.97   73
2    81.1  94.6   2:54pm  69.6  11:34pm    0   17  0.17   5  22   2:57pm  SW 29.87   67
3    76.5  88.3   4:44pm  67.9   5:40am    0   12  0.24   2  13  12:56am SSE 29.89   74
4    78.4  90.9   3:43pm  69.9   3:48am    0   14  0.00   4  20   5:06pm SSE 29.93   71
5    80.8  92.2   4:16pm  70.2   4:05am    0   17  0.00   3  16   6:39pm  SW 29.96   70
6    75.5  87.9  12:18pm  65.3  11:12pm    0   11  0.30   3  23   4:21pm NNE 29.96   75
7    70.3  80.3   3:25pm  62.3   3:01am    0    6  0.00   4  20   4:18pm NNE 30.00   68
8    72.2  85.7   4:19pm  61.5   4:39am    0    8  0.00   3  15   5:57pm  NE 30.02   64
9    75.3  88.8   4:32pm  60.4   5:22am    0   12  0.00   2  17   4:49pm ESE 29.99   61
10   81.5  93.3   3:41pm  70.9   3:12am    0   17  0.39   6  18  12:06pm   W 29.89   65
11   73.7  83.3   3:43pm  62.1  11:49pm    0   10  0.00   3  16   2:46pm  NE 29.90   66
12   72.1  86.1   4:14pm  57.8   6:01am    1    9  0.00   2  15   3:07pm  NW 29.96   63
13   79.3  92.9   4:16pm  65.4   3:12am    0   15  0.00   5  20  11:33am WSW 29.97   63
14   77.4  91.6   2:57pm  68.6   5:49am    0   13  0.00   2  24   3:43pm  NE 30.06   69
15   79.2  90.8   1:35pm  69.6  12:28am    0   15  0.00   6  30   4:15pm   S 30.03   62
16   73.6  84.0   2:36pm  68.7   5:42am    0   10  1.07   2  15  11:39am SSE 29.89   84
17   79.1  91.2   4:00pm  70.5   3:38am    0   15  0.01   2  14   4:34pm NNW 29.88   75
18   78.2  89.8   6:03pm  71.5  11:47am    0   14  0.13   5  24   3:21pm   S 29.84   79
19   86.0  96.1   3:49pm  78.5   5:18am    0   21  0.00   7  25   6:10pm   S 29.81   70
20   84.0  96.6   2:56pm  75.3  10:37pm    0   19  0.00   6  28   2:48pm   S 29.85   70
21   75.4  76.6  12:46am  74.3   2:50am    0    1  0.00   0   5  12:07am  SE 29.85   83
---------------------------------------------------------------------------------------
TOT  77.5  96.6  7/20/19  57.8  7/12/19    2  272  2.32   4  30  7/15/19 SSE 29.93   70

HEAT BASE: 65.0
COOL BASE: 65.0