Peotone Weather

NOAA-Style Climate Reports


Report for 2017 September
                  MONTHLY CLIMATOLOGICAL SUMMARY FOR 9/2017
                                        HEAT  COOL        
     MEAN                               DEG   DEG       WIND SPEED       DOM MEAN  MEAN
DAY  TEMP  HIGH   TIME     LOW   TIME   DAYS  DAYS RAIN AVG  HI  TIME    DIR BAROM HUM
---------------------------------------------------------------------------------------
1    59.8  71.6   2:54pm  50.8  11:46pm    6    1  0.00   4  18   8:07am  NE 30.12   75
2    59.7  73.6   1:47pm  45.4   3:55am    7    2  0.03   3  14  12:44pm WSW 30.02   75
3    66.8  81.2   3:42pm  52.4   6:51am    4    5  0.00   3  20   1:46pm   W 29.98   76
4    69.9  85.2   1:17pm  59.9   2:53am    1    6  0.00   7  30   1:50pm   S 29.78   77
5    60.4  70.6   3:10pm  51.4  11:57pm    5    1  0.00   8  26   3:10pm WNW 29.88   73
6    55.7  66.5   1:45pm  45.2   6:42am    9    0  0.00   5  18  10:23am WNW 30.00   77
7    58.9  70.2   2:59pm  48.6   4:29am    7    1  0.00   5  28   4:10pm   W 30.05   73
8    61.3  76.2   2:26pm  53.0   5:56am    6    2  0.00   3  22   5:42pm  NE 30.18   73
9    61.5  74.6   2:10pm  50.8  11:59pm    6    2  0.00   4  21   8:53am ENE 30.35   71
10   58.0  73.0   2:38pm  44.5   6:14am    9    1  0.00   2  17   1:44pm ENE 30.39   71
11   59.8  74.6   3:02pm  48.0   4:35am    7    2  0.00   2  15   4:25pm  NE 30.22   76
12   64.2  78.5   2:39pm  53.7   6:50am    4    3  0.00   3  22  11:11am  NE 29.94   77
13   63.3  67.1  12:37pm  59.3   2:54am    2    0  0.07   1   9  10:02am  NE 29.76   91
14   64.8  78.4   2:55pm  55.8   4:28am    3    3  0.01   1  14   1:09pm SSE 29.88   87
15   70.1  87.4   2:46pm  56.3   6:08am    2    8  0.00   3  20   1:50pm ESE 29.99   78
16   71.6  87.4   2:53pm  59.4   6:49am    1    8  0.00   3  20   1:13pm ESE 30.04   78
17   72.5  86.0  12:48pm  62.6   4:15am    0    8  0.00   3  17   1:50pm WNW 30.03   80
18   68.5  81.7   2:09pm  57.2   6:39am    1    5  0.08   2  14   5:30pm  NE 30.03   75
19   68.8  79.4   1:42pm  62.8  11:52pm    0    4  0.64   2  13   5:19pm  NE 29.91   89
20   75.2  91.2   2:20pm  61.5   3:39am    1   11  0.00   4  23   4:16pm SSE 29.89   80
21   78.7  93.0   2:15pm  68.1   6:26am    0   14  0.00   2  16   2:59pm SSE 29.96   78
22   79.0  93.7   2:01pm  67.0   6:11am    0   14  0.00   2  15   2:30pm SSE 30.02   74
23   76.9  93.4   2:17pm  67.1   6:12am    0    7  0.00   1  12   2:37pm   E 30.04   78
---------------------------------------------------------------------------------------
TOT  66.1  93.7  9/22/17  44.5  9/10/17   82  108  0.83   3  29   9/4/17  NE 30.02   77

HEAT BASE: 65.0
COOL BASE: 65.0