Peotone Weather

NOAA-Style Climate Reports


Report for 2018 October
                  MONTHLY CLIMATOLOGICAL SUMMARY FOR 10/2018
                                        HEAT  COOL        
     MEAN                               DEG   DEG       WIND SPEED       DOM MEAN  MEAN
DAY  TEMP  HIGH   TIME     LOW   TIME   DAYS  DAYS RAIN AVG  HI  TIME    DIR BAROM HUM
---------------------------------------------------------------------------------------
1    67.9  80.1   3:55pm  56.9   6:17am    3    6  0.00   5  28  10:11pm SSE 30.11   75
2    66.1  73.3  12:44am  59.1  11:37pm    1    3  0.00   4  24  12:11am WNW 30.05   78
3    74.2  88.4   2:47pm  58.2  12:44am    2   11  0.00   9  37   2:37pm   S 29.87   70
4    60.6  78.4   1:26am  48.6  10:22pm    6    2  0.04   7  29  12:03am NNE 30.06   73
5    60.2  67.6   5:31pm  51.4   3:11am    6    1  0.40   3  20   8:18am ENE 30.00   88
6    64.6  73.4  11:43am  56.1  11:12pm    2    2  0.30   4  21   1:22pm  NE 29.99   89
7    59.5  63.9  11:04pm  55.8   4:49am    5    0  0.67   3  28   9:58pm  NE 30.15   91
8    72.7  85.1   2:11pm  63.0  12:16am    0    8  0.07   5  28   2:35pm SSE 30.06   79
9    74.2  86.5   2:03pm  66.5   5:00am    0    9  0.00   5  24  12:14pm  SE 29.95   75
10   67.1  71.3  12:13pm  52.3  11:57pm    1    3  0.87   8  31   8:22pm SSE 29.71   83
11   46.4  52.3  12:00am  37.3  11:56pm   19    0  0.00  11  32   5:07am   W 29.95   67
12   36.9  41.3   9:51am  31.4   7:21am   28    0  0.06   4  20  12:32pm WSW 30.03   83
13   41.7  52.3   2:34pm  32.7   7:38am   23    0  0.00   4  18   2:22pm   S 30.06   78
14   46.9  59.6   2:38pm  34.1   5:27am   18    0  0.09   3  17  12:13pm  NW 30.04   78
15   41.7  47.1  12:21am  35.5  10:23pm   23    0  0.05   8  25   9:45am WNW 30.18   74
16   43.9  56.7   3:03pm  30.8   1:53am   21    0  0.00   7  30   1:27pm SSW 30.19   62
17   44.0  52.1   2:52pm  34.8  11:52pm   21    0  0.00   7  26   9:31am WNW 30.31   62
18   43.3  58.5   1:55pm  30.0   4:38am   22    0  0.00   3  18   2:30pm   S 30.48   58
19   47.1  56.3  12:08pm  37.1   1:32am   18    0  0.07   6  26  11:05am   S 30.08   74
20   44.4  49.9  12:00am  41.0   5:54am    8    0  0.01   5  21   8:58am   W 29.90   83
---------------------------------------------------------------------------------------
TOT  55.5  88.4  10/3/18  30.0 10/18/18  226   44  2.63   6  36  10/3/18   S 30.06   76

HEAT BASE: 65.0
COOL BASE: 65.0