Peotone Weather

NOAA-Style Climate Reports


Report for 2017 May
                  MONTHLY CLIMATOLOGICAL SUMMARY FOR 5/2017
                                        HEAT  COOL        
     MEAN                               DEG   DEG       WIND SPEED       DOM MEAN  MEAN
DAY  TEMP  HIGH   TIME     LOW   TIME   DAYS  DAYS RAIN AVG  HI  TIME    DIR BAROM HUM
---------------------------------------------------------------------------------------
1    52.9  60.0  12:51am  45.2  11:50pm   12    0  0.37  11  39   3:41pm  SW 29.49   84
2    46.0  51.1   3:31pm  41.4  11:58pm   19    0  0.00  13  41   9:16am   W 29.79   78
3    47.6  57.5   3:46pm  35.0   6:17am   17    0  0.00   3  16   2:10pm  NE 30.14   73
4    46.3  51.3   3:53pm  44.5  11:03pm   19    0  0.30   7  30   2:33pm  NE 29.95   87
5    50.5  62.4   4:10pm  42.4   4:47am   14    0  0.00   8  29   4:17pm   N 29.81   74
6    50.1  61.6   2:46pm  42.2   5:30am   15    0  0.25   5  26  11:42am NNW 29.82   71
7    48.0  63.2   2:34pm  36.7   3:42am   17    0  0.00   5  22  11:34am NNW 30.02   59
8    48.0  65.3   4:02pm  33.9   5:06am   17    0  0.08   3  15   5:53pm ENE 30.09   62
9    50.2  61.6   4:18pm  41.0   4:34am   15    0  0.53   5  21  12:51pm ENE 29.95   83
10   59.0  73.6   1:06pm  48.5   5:53am    7    1  0.94   4  28  10:01pm  NE 29.90   82
11   56.1  66.4   4:49pm  47.9  11:53pm    9    0  0.00   4  20  12:20pm  NE 29.93   83
12   58.9  73.4   2:30pm  46.1   4:54am    8    2  0.00   3  17  12:43pm  NE 29.94   68
13   65.1  81.2   5:22pm  46.0   5:05am    5    5  0.00   5  28   2:32pm   W 29.87   62
14   64.8  84.1   2:53pm  51.7  11:39pm    4    4  0.00   6  26  12:29pm  NE 29.87   64
15   69.3  86.7   4:33pm  50.4   5:23am    4    8  0.00   5  20   2:12pm SSE 29.91   60
16   76.4  88.3   2:27pm  64.3   4:59am    0   11  0.00   9  37   1:24pm   S 29.78   62
17   76.7  85.3   1:56pm  68.1   6:08am    0   12  0.00  14  46   6:03pm   S 29.67   62
18   73.2  84.8   2:01pm  51.7  11:48pm    1   10  0.31  13  46   1:08am WSW 29.76   67
19   47.6  51.7  12:00am  44.3   6:59am   17    0  0.19   8  31  10:49am  NE 30.06   88
20   58.3  71.9   5:00pm  50.2   2:56am    7    1  0.33   6  28  12:07pm   E 29.99   92
21   59.3  64.5   4:16am  51.6  10:34pm    6    0  0.04   9  30   2:01pm WSW 29.95   78
22   61.2  77.1   3:45pm  47.3   5:50am    6    2  0.01   8  30   3:03pm  SW 29.99   66
23   59.4  66.6   3:11pm  55.5  11:42pm    6    0  0.22   3  20   2:12am   S 29.76   87
24   56.3  61.7   3:26pm  51.9  10:35pm    9    0  0.26   4  18   7:55pm NNE 29.55   93
25   58.7  69.2   5:46pm  52.3  12:00am    7    0  0.00   6  20   9:33am  NW 29.62   87
26   61.7  77.9   2:10pm  50.9   3:41am    5    2  0.24   3  18  11:53am   E 29.81   87
27   66.2  78.8   4:51pm  56.1   1:53am    3    4  0.00   2  13  10:07am  NE 29.85   82
28   62.6  74.8  10:49am  57.8   3:33am    2    1  0.00   2  16  10:28am   W 29.73   91
---------------------------------------------------------------------------------------
TOT  58.1  88.3  5/16/17  33.9   5/8/17  252   64  4.07   6  46  5/18/17  NE 29.86   76

HEAT BASE: 65.0
COOL BASE: 65.0