2024: 2024_01.txt
Jan | 2024_02.txt
Feb | 2024_03.txt
Mar | 2024_04.txt
Apr | 2024_05.txt
May | 2024_06.txt
Jun | 2024_07.txt
Jul | 2024_08.txt
Aug | 2024_09.txt
Sep | 2024_10.txt
Oct | 2024_11.txt
Nov | 2024_12.txt
Dec
2023: 2023_01.txt
Jan | 2023_02.txt
Feb | 2023_03.txt
Mar | 2023_04.txt
Apr | 2023_05.txt
May | 2023_06.txt
Jun | 2023_07.txt
Jul | 2023_08.txt
Aug | 2023_09.txt
Sep | 2023_10.txt
Oct | 2023_11.txt
Nov | 2023_12.txt
Dec
2022: 2022_01.txt
Jan | 2022_02.txt
Feb | 2022_03.txt
Mar | 2022_04.txt
Apr | 2022_05.txt
May | 2022_06.txt
Jun | 2022_07.txt
Jul | 2022_08.txt
Aug | 2022_09.txt
Sep | 2022_10.txt
Oct | 2022_11.txt
Nov | 2022_12.txt
Dec
2021: 2021_01.txt
Jan | 2021_02.txt
Feb | 2021_03.txt
Mar | 2021_04.txt
Apr | 2021_05.txt
May | 2021_06.txt
Jun | 2021_07.txt
Jul | 2021_08.txt
Aug | 2021_09.txt
Sep | 2021_10.txt
Oct | 2021_11.txt
Nov | 2021_12.txt
Dec
2020: 2020_01.txt
Jan | 2020_02.txt
Feb | 2020_03.txt
Mar | 2020_04.txt
Apr | 2020_05.txt
May | 2020_06.txt
Jun | 2020_07.txt
Jul | 2020_08.txt
Aug | 2020_09.txt
Sep | 2020_10.txt
Oct | 2020_11.txt
Nov | 2020_12.txt
Dec
2019: 2019_01.txt
Jan | 2019_02.txt
Feb | 2019_03.txt
Mar | 2019_04.txt
Apr | 2019_05.txt
May | 2019_06.txt
Jun | 2019_07.txt
Jul | 2019_08.txt
Aug | 2019_09.txt
Sep | 2019_10.txt
Oct | 2019_11.txt
Nov | 2019_12.txt
Dec
2018: 2018_01.txt
Jan | 2018_02.txt
Feb | 2018_03.txt
Mar | 2018_04.txt
Apr | 2018_05.txt
May | 2018_06.txt
Jun | 2018_07.txt
Jul | 2018_08.txt
Aug | 2018_09.txt
Sep | 2018_10.txt
Oct | 2018_11.txt
Nov | 2018_12.txt
Dec
2017: 2017_01.txt
Jan | 2017_02.txt
Feb | 2017_03.txt
Mar | 2017_04.txt
Apr | 2017_05.txt
May | 2017_06.txt
Jun | 2017_07.txt
Jul | 2017_08.txt
Aug | 2017_09.txt
Sep | 2017_10.txt
Oct | 2017_11.txt
Nov | 2017_12.txt
Dec
2016: 2016_01.txt
Jan | 2016_02.txt
Feb | 2016_03.txt
Mar | 2016_04.txt
Apr | 2016_05.txt
May | 2016_06.txt
Jun | 2016_07.txt
Jul | 2016_08.txt
Aug | 2016_09.txt
Sep | 2016_10.txt
Oct | 2016_11.txt
Nov | 2016_12.txt
Dec
2015: 2015_01.txt
Jan | 2015_02.txt
Feb | 2015_03.txt
Mar | 2015_04.txt
Apr | 2015_05.txt
May | 2015_06.txt
Jun | 2015_07.txt
Jul | 2015_08.txt
Aug | 2015_09.txt
Sep | 2015_10.txt
Oct | 2015_11.txt
Nov | 2015_12.txt
Dec
2014: 2014_01.txt
Jan | 2014_02.txt
Feb | 2014_03.txt
Mar | 2014_04.txt
Apr | 2014_05.txt
May | 2014_06.txt
Jun | 2014_07.txt
Jul | 2014_08.txt
Aug | 2014_09.txt
Sep | 2014_10.txt
Oct | 2014_11.txt
Nov | 2014_12.txt
Dec
2013: 2013_01.txt
Jan | 2013_02.txt
Feb | 2013_03.txt
Mar | 2013_04.txt
Apr | 2013_05.txt
May | 2013_06.txt
Jun | 2013_07.txt
Jul | 2013_08.txt
Aug | 2013_09.txt
Sep | 2013_10.txt
Oct | 2013_11.txt
Nov | 2013_12.txt
Dec
2012: 2012_01.txt
Jan | 2012_02.txt
Feb | 2012_03.txt
Mar | 2012_04.txt
Apr | 2012_05.txt
May | 2012_06.txt
Jun | 2012_07.txt
Jul | 2012_08.txt
Aug | 2012_09.txt
Sep | 2012_10.txt
Oct | 2012_11.txt
Nov | 2012_12.txt
Dec
2011: 2011_01.txt
Jan | 2011_02.txt
Feb | 2011_03.txt
Mar | 2011_04.txt
Apr | 2011_05.txt
May | 2011_06.txt
Jun | 2011_07.txt
Jul | 2011_08.txt
Aug | 2011_09.txt
Sep | 2011_10.txt
Oct | 2011_11.txt
Nov | 2011_12.txt
Dec
2010: 2010_01.txt
Jan | 2010_02.txt
Feb | 2010_03.txt
Mar | 2010_04.txt
Apr | 2010_05.txt
May | 2010_06.txt
Jun | 2010_07.txt
Jul | 2010_08.txt
Aug | 2010_09.txt
Sep | 2010_10.txt
Oct | 2010_11.txt
Nov | 2010_12.txt
Dec
2009: 2009_01.txt
Jan | 2009_02.txt
Feb | 2009_03.txt
Mar | 2009_04.txt
Apr | 2009_05.txt
May | 2009_06.txt
Jun | 2009_07.txt
Jul | 2009_08.txt
Aug | 2009_09.txt
Sep | 2009_10.txt
Oct | 2009_11.txt
Nov | 2009_12.txt
Dec
2008: 2008_01.txt
Jan | 2008_02.txt
Feb | 2008_03.txt
Mar | 2008_04.txt
Apr | 2008_05.txt
May | 2008_06.txt
Jun | 2008_07.txt
Jul | 2008_08.txt
Aug | 2008_09.txt
Sep | 2008_10.txt
Oct | 2008_11.txt
Nov | 2008_12.txt
Dec
2007: 2007_01.txt
Jan | 2007_02.txt
Feb | 2007_03.txt
Mar | 2007_04.txt
Apr | 2007_05.txt
May | 2007_06.txt
Jun | 2007_07.txt
Jul | 2007_08.txt
Aug | 2007_09.txt
Sep | 2007_10.txt
Oct | 2007_11.txt
Nov | 2007_12.txt
Dec
Report for 2020 12
MONTHLY CLIMATOLOGICAL SUMMARY FOR 12/2020
HEAT COOL
MEAN DEG DEG WIND SPEED DOM MEAN MEAN
DAY TEMP HIGH TIME LOW TIME DAYS DAYS RAIN AVG HI TIME DIR BAROM HUM
---------------------------------------------------------------------------------------
1 25.5 32.2 12:42pm 19.5 7:45am 39 0 0.00 6 23 12:57am N 30.13 76
2 29.5 43.4 1:48pm 19.7 4:47am 35 0 0.00 4 15 10:56am WNW 30.35 71
3 32.5 44.3 2:56pm 23.2 4:42am 32 0 0.00 8 25 12:25pm W 30.18 70
4 33.8 45.5 1:58pm 26.0 11:31pm 31 0 0.00 7 24 8:30am W 29.99 80
5 31.4 40.9 12:41pm 24.4 1:56am 33 0 0.00 2 15 1:33pm NNE 30.17 83
6 32.2 34.7 12:54pm 28.5 12:00am 32 0 0.00 1 7 2:11pm NNW 30.10 87
7 32.6 34.9 2:06pm 28.6 7:38am 32 0 0.00 1 8 9:41am NNE 30.09 85
8 33.0 34.5 11:35am 31.0 11:40pm 32 0 0.00 8 25 1:08pm W 30.08 84
9 37.0 51.6 2:05pm 28.9 6:30am 28 0 0.00 4 16 11:25am W 29.93 83
10 39.0 57.0 2:07pm 26.0 4:45am 25 0 0.00 3 18 10:56am S 30.00 81
11 38.6 44.8 10:50am 30.7 5:17am 26 0 0.37 7 26 11:38am E 29.90 93
12 38.3 42.0 9:44am 31.5 11:56pm 26 0 1.11 7 22 2:05am ENE 29.78 96
13 31.5 35.8 2:38pm 27.3 11:55pm 33 0 0.00 4 22 11:55pm WNW 30.17 88
14 26.7 31.5 1:11pm 20.2 11:24pm 38 0 0.00 7 28 12:47am N 30.27 77
15 25.1 31.5 12:22pm 19.4 2:56am 39 0 0.00 5 24 11:09pm ESE 30.34 74
16 28.1 30.7 1:28pm 24.6 12:23am 36 0 0.03 5 22 2:41am ESE 30.06 84
17 30.2 32.4 1:31pm 23.0 11:56pm 34 0 0.00 2 9 4:54am WNW 30.17 83
18 26.4 34.0 1:08pm 17.9 5:41am 37 0 0.00 6 22 12:20pm SSW 30.31 87
19 37.6 44.2 12:06pm 30.6 12:00am 27 0 0.00 7 25 5:58am W 30.05 85
20 34.1 40.8 2:08pm 30.9 8:13am 30 0 0.00 7 23 1:23pm W 29.92 83
21 37.2 45.4 12:57pm 30.2 2:35am 27 0 0.00 10 34 4:08pm W 29.77 78
22 33.3 39.9 3:16pm 26.6 7:39am 31 0 0.00 7 23 12:37am SSW 30.14 81
23 44.2 56.4 1:57pm 26.6 11:54pm 20 0 0.08 15 46 1:17pm SSW 29.68 74
24 14.3 26.6 12:00am 10.3 11:55pm 50 0 0.00 12 39 12:11am WNW 29.86 72
25 12.8 19.2 1:59pm 5.3 5:31am 52 0 0.00 10 29 8:31pm W 30.02 72
26 22.9 34.3 2:45pm 15.6 12:00am 42 0 0.00 5 18 3:01am W 30.01 73
27 33.7 47.7 1:01pm 20.1 1:33am 31 0 0.00 8 33 8:31pm SSE 29.82 84
28 27.1 33.0 2:03pm 16.8 11:49pm 37 0 0.00 6 24 12:02am NNW 30.31 79
29 23.3 31.9 11:44pm 13.7 5:13am 41 0 0.24 6 28 7:13pm S 30.44 85
30 30.1 36.0 8:15am 23.9 7:36pm 34 0 0.27 9 30 6:09pm WNW 30.01 89
31 23.8 28.3 1:11pm 19.1 10:36pm 40 0 0.00 2 14 1:13am ESE 30.32 83
---------------------------------------------------------------------------------------
TOT 30.5 57.0 12/10/20 5.3 12/25/20 1052 0 2.10 6 46 12/23/20 W 30.08 81
HEAT BASE: 65.0
COOL BASE: 65.0
|