2024: 2024_01.txt
Jan | 2024_02.txt
Feb | 2024_03.txt
Mar | 2024_04.txt
Apr | 2024_05.txt
May | 2024_06.txt
Jun | 2024_07.txt
Jul | 2024_08.txt
Aug | 2024_09.txt
Sep | 2024_10.txt
Oct | 2024_11.txt
Nov | 2024_12.txt
Dec
2023: 2023_01.txt
Jan | 2023_02.txt
Feb | 2023_03.txt
Mar | 2023_04.txt
Apr | 2023_05.txt
May | 2023_06.txt
Jun | 2023_07.txt
Jul | 2023_08.txt
Aug | 2023_09.txt
Sep | 2023_10.txt
Oct | 2023_11.txt
Nov | 2023_12.txt
Dec
2022: 2022_01.txt
Jan | 2022_02.txt
Feb | 2022_03.txt
Mar | 2022_04.txt
Apr | 2022_05.txt
May | 2022_06.txt
Jun | 2022_07.txt
Jul | 2022_08.txt
Aug | 2022_09.txt
Sep | 2022_10.txt
Oct | 2022_11.txt
Nov | 2022_12.txt
Dec
2021: 2021_01.txt
Jan | 2021_02.txt
Feb | 2021_03.txt
Mar | 2021_04.txt
Apr | 2021_05.txt
May | 2021_06.txt
Jun | 2021_07.txt
Jul | 2021_08.txt
Aug | 2021_09.txt
Sep | 2021_10.txt
Oct | 2021_11.txt
Nov | 2021_12.txt
Dec
2020: 2020_01.txt
Jan | 2020_02.txt
Feb | 2020_03.txt
Mar | 2020_04.txt
Apr | 2020_05.txt
May | 2020_06.txt
Jun | 2020_07.txt
Jul | 2020_08.txt
Aug | 2020_09.txt
Sep | 2020_10.txt
Oct | 2020_11.txt
Nov | 2020_12.txt
Dec
2019: 2019_01.txt
Jan | 2019_02.txt
Feb | 2019_03.txt
Mar | 2019_04.txt
Apr | 2019_05.txt
May | 2019_06.txt
Jun | 2019_07.txt
Jul | 2019_08.txt
Aug | 2019_09.txt
Sep | 2019_10.txt
Oct | 2019_11.txt
Nov | 2019_12.txt
Dec
2018: 2018_01.txt
Jan | 2018_02.txt
Feb | 2018_03.txt
Mar | 2018_04.txt
Apr | 2018_05.txt
May | 2018_06.txt
Jun | 2018_07.txt
Jul | 2018_08.txt
Aug | 2018_09.txt
Sep | 2018_10.txt
Oct | 2018_11.txt
Nov | 2018_12.txt
Dec
2017: 2017_01.txt
Jan | 2017_02.txt
Feb | 2017_03.txt
Mar | 2017_04.txt
Apr | 2017_05.txt
May | 2017_06.txt
Jun | 2017_07.txt
Jul | 2017_08.txt
Aug | 2017_09.txt
Sep | 2017_10.txt
Oct | 2017_11.txt
Nov | 2017_12.txt
Dec
2016: 2016_01.txt
Jan | 2016_02.txt
Feb | 2016_03.txt
Mar | 2016_04.txt
Apr | 2016_05.txt
May | 2016_06.txt
Jun | 2016_07.txt
Jul | 2016_08.txt
Aug | 2016_09.txt
Sep | 2016_10.txt
Oct | 2016_11.txt
Nov | 2016_12.txt
Dec
2015: 2015_01.txt
Jan | 2015_02.txt
Feb | 2015_03.txt
Mar | 2015_04.txt
Apr | 2015_05.txt
May | 2015_06.txt
Jun | 2015_07.txt
Jul | 2015_08.txt
Aug | 2015_09.txt
Sep | 2015_10.txt
Oct | 2015_11.txt
Nov | 2015_12.txt
Dec
2014: 2014_01.txt
Jan | 2014_02.txt
Feb | 2014_03.txt
Mar | 2014_04.txt
Apr | 2014_05.txt
May | 2014_06.txt
Jun | 2014_07.txt
Jul | 2014_08.txt
Aug | 2014_09.txt
Sep | 2014_10.txt
Oct | 2014_11.txt
Nov | 2014_12.txt
Dec
2013: 2013_01.txt
Jan | 2013_02.txt
Feb | 2013_03.txt
Mar | 2013_04.txt
Apr | 2013_05.txt
May | 2013_06.txt
Jun | 2013_07.txt
Jul | 2013_08.txt
Aug | 2013_09.txt
Sep | 2013_10.txt
Oct | 2013_11.txt
Nov | 2013_12.txt
Dec
2012: 2012_01.txt
Jan | 2012_02.txt
Feb | 2012_03.txt
Mar | 2012_04.txt
Apr | 2012_05.txt
May | 2012_06.txt
Jun | 2012_07.txt
Jul | 2012_08.txt
Aug | 2012_09.txt
Sep | 2012_10.txt
Oct | 2012_11.txt
Nov | 2012_12.txt
Dec
2011: 2011_01.txt
Jan | 2011_02.txt
Feb | 2011_03.txt
Mar | 2011_04.txt
Apr | 2011_05.txt
May | 2011_06.txt
Jun | 2011_07.txt
Jul | 2011_08.txt
Aug | 2011_09.txt
Sep | 2011_10.txt
Oct | 2011_11.txt
Nov | 2011_12.txt
Dec
2010: 2010_01.txt
Jan | 2010_02.txt
Feb | 2010_03.txt
Mar | 2010_04.txt
Apr | 2010_05.txt
May | 2010_06.txt
Jun | 2010_07.txt
Jul | 2010_08.txt
Aug | 2010_09.txt
Sep | 2010_10.txt
Oct | 2010_11.txt
Nov | 2010_12.txt
Dec
2009: 2009_01.txt
Jan | 2009_02.txt
Feb | 2009_03.txt
Mar | 2009_04.txt
Apr | 2009_05.txt
May | 2009_06.txt
Jun | 2009_07.txt
Jul | 2009_08.txt
Aug | 2009_09.txt
Sep | 2009_10.txt
Oct | 2009_11.txt
Nov | 2009_12.txt
Dec
2008: 2008_01.txt
Jan | 2008_02.txt
Feb | 2008_03.txt
Mar | 2008_04.txt
Apr | 2008_05.txt
May | 2008_06.txt
Jun | 2008_07.txt
Jul | 2008_08.txt
Aug | 2008_09.txt
Sep | 2008_10.txt
Oct | 2008_11.txt
Nov | 2008_12.txt
Dec
2007: 2007_01.txt
Jan | 2007_02.txt
Feb | 2007_03.txt
Mar | 2007_04.txt
Apr | 2007_05.txt
May | 2007_06.txt
Jun | 2007_07.txt
Jul | 2007_08.txt
Aug | 2007_09.txt
Sep | 2007_10.txt
Oct | 2007_11.txt
Nov | 2007_12.txt
Dec
Report for 2017 09
MONTHLY CLIMATOLOGICAL SUMMARY FOR 9/2017
HEAT COOL
MEAN DEG DEG WIND SPEED DOM MEAN MEAN
DAY TEMP HIGH TIME LOW TIME DAYS DAYS RAIN AVG HI TIME DIR BAROM HUM
---------------------------------------------------------------------------------------
1 59.8 71.6 2:54pm 50.8 11:46pm 6 1 0.00 4 18 8:07am NE 30.12 75
2 59.7 73.6 1:47pm 45.4 3:55am 7 2 0.03 3 14 12:44pm WSW 30.02 75
3 66.8 81.2 3:42pm 52.4 6:51am 4 5 0.00 3 20 1:46pm W 29.98 76
4 69.9 85.2 1:17pm 59.9 2:53am 1 6 0.00 7 30 1:50pm S 29.78 77
5 60.4 70.6 3:10pm 51.4 11:57pm 5 1 0.00 8 26 3:10pm WNW 29.88 73
6 55.7 66.5 1:45pm 45.2 6:42am 9 0 0.00 5 18 10:23am WNW 30.00 77
7 58.9 70.2 2:59pm 48.6 4:29am 7 1 0.00 5 28 4:10pm W 30.05 73
8 61.3 76.2 2:26pm 53.0 5:56am 6 2 0.00 3 22 5:42pm NE 30.18 73
9 61.5 74.6 2:10pm 50.8 11:59pm 6 2 0.00 4 21 8:53am ENE 30.35 71
10 58.0 73.0 2:38pm 44.5 6:14am 9 1 0.00 2 17 1:44pm ENE 30.39 71
11 59.8 74.6 3:02pm 48.0 4:35am 7 2 0.00 2 15 4:25pm NE 30.22 76
12 64.2 78.5 2:39pm 53.7 6:50am 4 3 0.00 3 22 11:11am NE 29.94 77
13 63.3 67.1 12:37pm 59.3 2:54am 2 0 0.07 1 9 10:02am NE 29.76 91
14 64.8 78.4 2:55pm 55.8 4:28am 3 3 0.01 1 14 1:09pm SSE 29.88 87
15 70.1 87.4 2:46pm 56.3 6:08am 2 8 0.00 3 20 1:50pm ESE 29.99 78
16 71.6 87.4 2:53pm 59.4 6:49am 1 8 0.00 3 20 1:13pm ESE 30.04 78
17 72.5 86.0 12:48pm 62.6 4:15am 0 8 0.00 3 17 1:50pm WNW 30.03 80
18 68.5 81.7 2:09pm 57.2 6:39am 1 5 0.08 2 14 5:30pm NE 30.03 75
19 68.8 79.4 1:42pm 62.8 11:52pm 0 4 0.64 2 13 5:19pm NE 29.91 89
20 75.2 91.2 2:20pm 61.5 3:39am 1 11 0.00 4 23 4:16pm SSE 29.89 80
21 78.7 93.0 2:15pm 68.1 6:26am 0 14 0.00 2 16 2:59pm SSE 29.96 78
22 79.0 93.7 2:01pm 67.0 6:11am 0 14 0.00 2 15 2:30pm SSE 30.02 74
23 78.5 93.4 2:17pm 67.1 6:12am 0 13 0.00 1 12 2:37pm E 30.03 73
24 76.9 91.6 2:31pm 65.4 6:32am 0 12 0.00 2 15 12:07pm SSE 30.02 70
25 74.8 91.2 1:39pm 61.9 6:00am 0 10 0.00 2 15 3:56pm ESE 29.95 67
26 77.0 91.9 1:57pm 64.6 6:05am 0 12 0.00 4 22 1:53pm SE 29.91 67
27 66.7 74.2 1:24pm 54.3 11:59pm 1 3 0.00 6 18 6:02am NW 30.05 69
28 59.6 73.4 2:33pm 49.2 7:05am 7 1 0.00 3 16 1:23pm NW 30.15 69
29 60.4 73.2 2:05pm 52.1 11:51pm 6 1 0.00 4 20 3:56pm NNE 30.19 67
30 57.0 70.6 2:36pm 45.5 7:10am 9 1 0.00 2 16 2:54pm NE 30.36 70
---------------------------------------------------------------------------------------
TOT 66.6 93.7 9/22/17 44.5 9/10/17 105 154 0.83 3 29 9/4/17 NE 30.04 75
HEAT BASE: 65.0
COOL BASE: 65.0
|