2024: 2024_01.txt
Jan | 2024_02.txt
Feb | 2024_03.txt
Mar | 2024_04.txt
Apr | 2024_05.txt
May | 2024_06.txt
Jun | 2024_07.txt
Jul | 2024_08.txt
Aug | 2024_09.txt
Sep | 2024_10.txt
Oct | 2024_11.txt
Nov | 2024_12.txt
Dec
2023: 2023_01.txt
Jan | 2023_02.txt
Feb | 2023_03.txt
Mar | 2023_04.txt
Apr | 2023_05.txt
May | 2023_06.txt
Jun | 2023_07.txt
Jul | 2023_08.txt
Aug | 2023_09.txt
Sep | 2023_10.txt
Oct | 2023_11.txt
Nov | 2023_12.txt
Dec
2022: 2022_01.txt
Jan | 2022_02.txt
Feb | 2022_03.txt
Mar | 2022_04.txt
Apr | 2022_05.txt
May | 2022_06.txt
Jun | 2022_07.txt
Jul | 2022_08.txt
Aug | 2022_09.txt
Sep | 2022_10.txt
Oct | 2022_11.txt
Nov | 2022_12.txt
Dec
2021: 2021_01.txt
Jan | 2021_02.txt
Feb | 2021_03.txt
Mar | 2021_04.txt
Apr | 2021_05.txt
May | 2021_06.txt
Jun | 2021_07.txt
Jul | 2021_08.txt
Aug | 2021_09.txt
Sep | 2021_10.txt
Oct | 2021_11.txt
Nov | 2021_12.txt
Dec
2020: 2020_01.txt
Jan | 2020_02.txt
Feb | 2020_03.txt
Mar | 2020_04.txt
Apr | 2020_05.txt
May | 2020_06.txt
Jun | 2020_07.txt
Jul | 2020_08.txt
Aug | 2020_09.txt
Sep | 2020_10.txt
Oct | 2020_11.txt
Nov | 2020_12.txt
Dec
2019: 2019_01.txt
Jan | 2019_02.txt
Feb | 2019_03.txt
Mar | 2019_04.txt
Apr | 2019_05.txt
May | 2019_06.txt
Jun | 2019_07.txt
Jul | 2019_08.txt
Aug | 2019_09.txt
Sep | 2019_10.txt
Oct | 2019_11.txt
Nov | 2019_12.txt
Dec
2018: 2018_01.txt
Jan | 2018_02.txt
Feb | 2018_03.txt
Mar | 2018_04.txt
Apr | 2018_05.txt
May | 2018_06.txt
Jun | 2018_07.txt
Jul | 2018_08.txt
Aug | 2018_09.txt
Sep | 2018_10.txt
Oct | 2018_11.txt
Nov | 2018_12.txt
Dec
2017: 2017_01.txt
Jan | 2017_02.txt
Feb | 2017_03.txt
Mar | 2017_04.txt
Apr | 2017_05.txt
May | 2017_06.txt
Jun | 2017_07.txt
Jul | 2017_08.txt
Aug | 2017_09.txt
Sep | 2017_10.txt
Oct | 2017_11.txt
Nov | 2017_12.txt
Dec
2016: 2016_01.txt
Jan | 2016_02.txt
Feb | 2016_03.txt
Mar | 2016_04.txt
Apr | 2016_05.txt
May | 2016_06.txt
Jun | 2016_07.txt
Jul | 2016_08.txt
Aug | 2016_09.txt
Sep | 2016_10.txt
Oct | 2016_11.txt
Nov | 2016_12.txt
Dec
2015: 2015_01.txt
Jan | 2015_02.txt
Feb | 2015_03.txt
Mar | 2015_04.txt
Apr | 2015_05.txt
May | 2015_06.txt
Jun | 2015_07.txt
Jul | 2015_08.txt
Aug | 2015_09.txt
Sep | 2015_10.txt
Oct | 2015_11.txt
Nov | 2015_12.txt
Dec
2014: 2014_01.txt
Jan | 2014_02.txt
Feb | 2014_03.txt
Mar | 2014_04.txt
Apr | 2014_05.txt
May | 2014_06.txt
Jun | 2014_07.txt
Jul | 2014_08.txt
Aug | 2014_09.txt
Sep | 2014_10.txt
Oct | 2014_11.txt
Nov | 2014_12.txt
Dec
2013: 2013_01.txt
Jan | 2013_02.txt
Feb | 2013_03.txt
Mar | 2013_04.txt
Apr | 2013_05.txt
May | 2013_06.txt
Jun | 2013_07.txt
Jul | 2013_08.txt
Aug | 2013_09.txt
Sep | 2013_10.txt
Oct | 2013_11.txt
Nov | 2013_12.txt
Dec
2012: 2012_01.txt
Jan | 2012_02.txt
Feb | 2012_03.txt
Mar | 2012_04.txt
Apr | 2012_05.txt
May | 2012_06.txt
Jun | 2012_07.txt
Jul | 2012_08.txt
Aug | 2012_09.txt
Sep | 2012_10.txt
Oct | 2012_11.txt
Nov | 2012_12.txt
Dec
2011: 2011_01.txt
Jan | 2011_02.txt
Feb | 2011_03.txt
Mar | 2011_04.txt
Apr | 2011_05.txt
May | 2011_06.txt
Jun | 2011_07.txt
Jul | 2011_08.txt
Aug | 2011_09.txt
Sep | 2011_10.txt
Oct | 2011_11.txt
Nov | 2011_12.txt
Dec
2010: 2010_01.txt
Jan | 2010_02.txt
Feb | 2010_03.txt
Mar | 2010_04.txt
Apr | 2010_05.txt
May | 2010_06.txt
Jun | 2010_07.txt
Jul | 2010_08.txt
Aug | 2010_09.txt
Sep | 2010_10.txt
Oct | 2010_11.txt
Nov | 2010_12.txt
Dec
2009: 2009_01.txt
Jan | 2009_02.txt
Feb | 2009_03.txt
Mar | 2009_04.txt
Apr | 2009_05.txt
May | 2009_06.txt
Jun | 2009_07.txt
Jul | 2009_08.txt
Aug | 2009_09.txt
Sep | 2009_10.txt
Oct | 2009_11.txt
Nov | 2009_12.txt
Dec
2008: 2008_01.txt
Jan | 2008_02.txt
Feb | 2008_03.txt
Mar | 2008_04.txt
Apr | 2008_05.txt
May | 2008_06.txt
Jun | 2008_07.txt
Jul | 2008_08.txt
Aug | 2008_09.txt
Sep | 2008_10.txt
Oct | 2008_11.txt
Nov | 2008_12.txt
Dec
2007: 2007_01.txt
Jan | 2007_02.txt
Feb | 2007_03.txt
Mar | 2007_04.txt
Apr | 2007_05.txt
May | 2007_06.txt
Jun | 2007_07.txt
Jul | 2007_08.txt
Aug | 2007_09.txt
Sep | 2007_10.txt
Oct | 2007_11.txt
Nov | 2007_12.txt
Dec
Report for 2017 11
MONTHLY CLIMATOLOGICAL SUMMARY FOR 11/2017
HEAT COOL
MEAN DEG DEG WIND SPEED DOM MEAN MEAN
DAY TEMP HIGH TIME LOW TIME DAYS DAYS RAIN AVG HI TIME DIR BAROM HUM
---------------------------------------------------------------------------------------
1 40.1 45.5 11:59pm 35.2 12:00am 25 0 0.56 4 17 11:28am SE 29.99 84
2 51.0 55.4 2:25pm 45.5 12:00am 14 0 0.09 2 16 5:36pm S 29.92 97
3 44.8 52.6 2:16pm 39.6 8:06am 20 0 0.00 5 20 9:57am ENE 30.26 86
4 46.1 53.0 8:44pm 40.0 3:27am 19 0 0.18 3 18 4:01am ESE 30.00 94
5 51.7 55.6 9:14am 47.4 11:23pm 13 0 0.14 3 21 9:47am NNW 29.81 95
6 40.6 47.4 12:00am 33.8 7:28am 24 0 0.00 5 18 1:45pm NNW 30.21 84
7 41.0 48.4 12:57pm 32.4 11:50pm 24 0 0.00 4 22 12:57pm NE 30.31 80
8 36.1 47.1 12:44pm 27.7 6:57am 29 0 0.00 3 15 11:47am NNW 30.31 78
9 35.9 48.3 12:33pm 22.2 11:55pm 29 0 0.00 8 29 10:35am WNW 30.23 70
10 25.5 34.8 2:06pm 18.8 5:08am 39 0 0.00 5 20 11:54am E 30.56 66
11 31.6 37.7 3:16pm 23.6 5:09am 33 0 0.02 4 18 3:23am SE 30.39 74
12 37.6 41.0 11:19am 35.8 4:50am 27 0 0.12 2 12 10:57pm WNW 30.34 90
13 36.8 42.7 1:26pm 31.1 11:58pm 28 0 0.00 3 12 10:39am W 30.47 89
14 40.1 50.3 12:58pm 28.3 6:26am 25 0 0.00 5 24 10:15am SE 30.25 84
15 44.0 50.6 3:01pm 33.4 10:38pm 21 0 0.48 10 38 7:30pm W 29.91 88
16 34.9 38.1 12:59pm 30.2 5:19am 30 0 0.00 5 26 12:00am WNW 30.21 81
17 39.9 47.6 11:51pm 32.6 6:59am 25 0 0.58 8 33 9:07pm SE 29.95 88
18 42.2 47.9 12:37am 35.9 2:15pm 23 0 1.08 9 32 2:00pm NW 29.56 93
19 32.0 37.3 12:00am 27.6 11:28pm 33 0 0.00 9 28 6:21am WNW 30.05 78
20 40.5 52.3 2:28pm 28.7 12:00am 24 0 0.00 11 36 10:10pm S 29.93 73
21 36.7 44.0 10:10am 26.1 11:56pm 28 0 0.02 9 31 12:00am WNW 29.92 77
22 27.9 34.6 2:07pm 20.6 6:23am 37 0 0.00 4 16 11:45am WNW 30.32 73
23 36.7 48.1 1:59pm 30.6 12:00am 28 0 0.00 5 21 2:05pm S 30.04 71
24 44.6 60.0 2:02pm 30.1 12:55am 20 0 0.00 10 33 1:33pm SSE 29.70 74
25 42.9 51.4 1:39pm 31.3 11:57pm 22 0 0.00 8 26 9:42am WNW 29.95 75
26 37.9 50.4 2:51pm 26.9 7:07am 27 0 0.00 4 17 11:34am S 30.17 75
27 44.9 60.2 2:26pm 30.8 5:07am 20 0 0.00 5 25 10:26pm SSE 30.02 75
28 52.8 63.3 1:46pm 38.5 11:58pm 12 0 0.00 10 32 8:37am S 30.00 62
29 40.2 51.0 1:33pm 29.5 6:55am 25 0 0.00 3 15 10:25am ESE 30.25 67
30 44.2 53.5 2:17pm 31.8 11:36pm 21 0 0.00 6 26 10:01am W 30.09 64
---------------------------------------------------------------------------------------
TOT 40.0 63.3 11/28/17 18.8 11/10/17 747 0 3.27 6 38 11/15/17 WNW 30.10 80
HEAT BASE: 65.0
COOL BASE: 65.0
|