2024: 2024_01.txt
Jan | 2024_02.txt
Feb | 2024_03.txt
Mar | 2024_04.txt
Apr | 2024_05.txt
May | 2024_06.txt
Jun | 2024_07.txt
Jul | 2024_08.txt
Aug | 2024_09.txt
Sep | 2024_10.txt
Oct | 2024_11.txt
Nov | 2024_12.txt
Dec
2023: 2023_01.txt
Jan | 2023_02.txt
Feb | 2023_03.txt
Mar | 2023_04.txt
Apr | 2023_05.txt
May | 2023_06.txt
Jun | 2023_07.txt
Jul | 2023_08.txt
Aug | 2023_09.txt
Sep | 2023_10.txt
Oct | 2023_11.txt
Nov | 2023_12.txt
Dec
2022: 2022_01.txt
Jan | 2022_02.txt
Feb | 2022_03.txt
Mar | 2022_04.txt
Apr | 2022_05.txt
May | 2022_06.txt
Jun | 2022_07.txt
Jul | 2022_08.txt
Aug | 2022_09.txt
Sep | 2022_10.txt
Oct | 2022_11.txt
Nov | 2022_12.txt
Dec
2021: 2021_01.txt
Jan | 2021_02.txt
Feb | 2021_03.txt
Mar | 2021_04.txt
Apr | 2021_05.txt
May | 2021_06.txt
Jun | 2021_07.txt
Jul | 2021_08.txt
Aug | 2021_09.txt
Sep | 2021_10.txt
Oct | 2021_11.txt
Nov | 2021_12.txt
Dec
2020: 2020_01.txt
Jan | 2020_02.txt
Feb | 2020_03.txt
Mar | 2020_04.txt
Apr | 2020_05.txt
May | 2020_06.txt
Jun | 2020_07.txt
Jul | 2020_08.txt
Aug | 2020_09.txt
Sep | 2020_10.txt
Oct | 2020_11.txt
Nov | 2020_12.txt
Dec
2019: 2019_01.txt
Jan | 2019_02.txt
Feb | 2019_03.txt
Mar | 2019_04.txt
Apr | 2019_05.txt
May | 2019_06.txt
Jun | 2019_07.txt
Jul | 2019_08.txt
Aug | 2019_09.txt
Sep | 2019_10.txt
Oct | 2019_11.txt
Nov | 2019_12.txt
Dec
2018: 2018_01.txt
Jan | 2018_02.txt
Feb | 2018_03.txt
Mar | 2018_04.txt
Apr | 2018_05.txt
May | 2018_06.txt
Jun | 2018_07.txt
Jul | 2018_08.txt
Aug | 2018_09.txt
Sep | 2018_10.txt
Oct | 2018_11.txt
Nov | 2018_12.txt
Dec
2017: 2017_01.txt
Jan | 2017_02.txt
Feb | 2017_03.txt
Mar | 2017_04.txt
Apr | 2017_05.txt
May | 2017_06.txt
Jun | 2017_07.txt
Jul | 2017_08.txt
Aug | 2017_09.txt
Sep | 2017_10.txt
Oct | 2017_11.txt
Nov | 2017_12.txt
Dec
2016: 2016_01.txt
Jan | 2016_02.txt
Feb | 2016_03.txt
Mar | 2016_04.txt
Apr | 2016_05.txt
May | 2016_06.txt
Jun | 2016_07.txt
Jul | 2016_08.txt
Aug | 2016_09.txt
Sep | 2016_10.txt
Oct | 2016_11.txt
Nov | 2016_12.txt
Dec
2015: 2015_01.txt
Jan | 2015_02.txt
Feb | 2015_03.txt
Mar | 2015_04.txt
Apr | 2015_05.txt
May | 2015_06.txt
Jun | 2015_07.txt
Jul | 2015_08.txt
Aug | 2015_09.txt
Sep | 2015_10.txt
Oct | 2015_11.txt
Nov | 2015_12.txt
Dec
2014: 2014_01.txt
Jan | 2014_02.txt
Feb | 2014_03.txt
Mar | 2014_04.txt
Apr | 2014_05.txt
May | 2014_06.txt
Jun | 2014_07.txt
Jul | 2014_08.txt
Aug | 2014_09.txt
Sep | 2014_10.txt
Oct | 2014_11.txt
Nov | 2014_12.txt
Dec
2013: 2013_01.txt
Jan | 2013_02.txt
Feb | 2013_03.txt
Mar | 2013_04.txt
Apr | 2013_05.txt
May | 2013_06.txt
Jun | 2013_07.txt
Jul | 2013_08.txt
Aug | 2013_09.txt
Sep | 2013_10.txt
Oct | 2013_11.txt
Nov | 2013_12.txt
Dec
2012: 2012_01.txt
Jan | 2012_02.txt
Feb | 2012_03.txt
Mar | 2012_04.txt
Apr | 2012_05.txt
May | 2012_06.txt
Jun | 2012_07.txt
Jul | 2012_08.txt
Aug | 2012_09.txt
Sep | 2012_10.txt
Oct | 2012_11.txt
Nov | 2012_12.txt
Dec
2011: 2011_01.txt
Jan | 2011_02.txt
Feb | 2011_03.txt
Mar | 2011_04.txt
Apr | 2011_05.txt
May | 2011_06.txt
Jun | 2011_07.txt
Jul | 2011_08.txt
Aug | 2011_09.txt
Sep | 2011_10.txt
Oct | 2011_11.txt
Nov | 2011_12.txt
Dec
2010: 2010_01.txt
Jan | 2010_02.txt
Feb | 2010_03.txt
Mar | 2010_04.txt
Apr | 2010_05.txt
May | 2010_06.txt
Jun | 2010_07.txt
Jul | 2010_08.txt
Aug | 2010_09.txt
Sep | 2010_10.txt
Oct | 2010_11.txt
Nov | 2010_12.txt
Dec
2009: 2009_01.txt
Jan | 2009_02.txt
Feb | 2009_03.txt
Mar | 2009_04.txt
Apr | 2009_05.txt
May | 2009_06.txt
Jun | 2009_07.txt
Jul | 2009_08.txt
Aug | 2009_09.txt
Sep | 2009_10.txt
Oct | 2009_11.txt
Nov | 2009_12.txt
Dec
2008: 2008_01.txt
Jan | 2008_02.txt
Feb | 2008_03.txt
Mar | 2008_04.txt
Apr | 2008_05.txt
May | 2008_06.txt
Jun | 2008_07.txt
Jul | 2008_08.txt
Aug | 2008_09.txt
Sep | 2008_10.txt
Oct | 2008_11.txt
Nov | 2008_12.txt
Dec
2007: 2007_01.txt
Jan | 2007_02.txt
Feb | 2007_03.txt
Mar | 2007_04.txt
Apr | 2007_05.txt
May | 2007_06.txt
Jun | 2007_07.txt
Jul | 2007_08.txt
Aug | 2007_09.txt
Sep | 2007_10.txt
Oct | 2007_11.txt
Nov | 2007_12.txt
Dec
Report for 2012 07
MONTHLY CLIMATOLOGICAL SUMMARY FOR 7/2012
HEAT COOL
MEAN DEG DEG WIND SPEED DOM MEAN MEAN
DAY TEMP HIGH TIME LOW TIME DAYS DAYS RAIN AVG HI TIME DIR BAROM HUM
---------------------------------------------------------------------------------------
1 74.7 86.6 11:30am 68.2 12:49pm 0 10 0.23 3 26 12:16pm S 29.93 83
2 81.4 94.4 3:39pm 68.6 4:40am 0 16 0.00 3 17 11:06pm S 29.96 76
3 82.6 95.2 4:35pm 69.5 6:01am 0 18 0.00 5 20 2:48am WSW 29.88 66
4 86.1 98.7 3:42pm 74.5 4:32am 0 21 0.00 5 19 2:19pm W 29.87 67
5 86.7 98.8 2:36pm 74.2 5:56am 0 22 0.00 5 19 3:25pm W 29.91 62
6 88.4 99.9 3:26pm 78.5 5:40am 0 23 0.00 5 18 4:48pm WNW 29.93 64
7 83.9 100.4 2:39pm 71.8 11:55pm 0 19 0.00 5 22 5:11pm WNW 29.94 67
8 75.0 84.7 3:48pm 65.4 11:41pm 0 10 0.14 4 24 11:57am NE 30.02 66
9 75.0 91.0 3:06pm 63.1 5:18am 0 10 0.00 3 19 4:55pm ENE 30.04 65
10 72.7 83.8 2:54pm 65.2 11:59pm 0 8 0.00 3 16 8:56am NE 30.08 67
11 75.0 88.6 3:13pm 63.4 4:39am 0 10 0.00 3 16 12:19pm ENE 30.10 62
12 77.4 91.1 3:56pm 62.7 4:48am 0 13 0.00 4 17 1:57pm ESE 30.07 54
13 79.3 92.7 2:20pm 66.5 5:16am 0 14 0.00 3 18 6:41pm S 30.04 62
14 75.6 90.1 12:42pm 66.5 5:00am 0 11 0.06 3 24 3:33pm S 30.03 75
15 79.3 93.5 4:47pm 65.4 5:19am 0 14 0.00 4 20 4:00pm W 30.03 69
16 83.4 96.0 4:01pm 69.3 5:22am 0 18 0.00 5 22 2:13pm SW 29.94 65
17 86.2 99.1 2:29pm 74.2 5:50am 0 21 0.00 6 23 12:08pm W 29.84 60
18 83.1 98.8 12:57pm 71.9 11:16pm 0 17 0.01 3 36 10:25pm ENE 29.87 72
19 76.5 86.1 4:09pm 69.7 5:20am 0 12 0.55 5 28 1:26am NNE 29.88 82
20 74.0 82.6 1:43pm 65.3 11:07pm 0 9 0.00 5 22 12:52pm NNE 30.02 72
21 75.6 88.2 2:58pm 62.6 5:49am 0 11 0.00 3 14 1:32pm SSW 30.07 71
22 79.1 89.1 6:01pm 66.9 5:24am 0 14 0.00 3 17 10:04am S 30.06 69
23 84.5 93.5 12:58pm 75.4 5:52am 0 20 0.00 7 28 10:58am W 29.94 59
24 75.4 84.3 12:00am 69.1 8:06am 0 12 0.33 2 44 7:01am ENE 29.93 76
25 82.1 98.9 3:00pm 66.6 4:00am 0 17 0.58 6 32 5:10am S 29.78 70
26 76.9 85.7 5:47pm 67.3 11:32pm 0 12 0.10 7 25 3:30am W 29.70 77
27 74.4 85.7 2:51pm 64.6 6:09am 0 9 0.00 5 25 5:16pm NW 29.85 74
28 73.0 83.4 4:06pm 63.7 5:42am 0 8 0.00 4 20 2:25pm ENE 30.08 69
29 73.1 84.9 2:18pm 60.1 5:24am 1 9 0.00 2 13 2:35pm ESE 30.05 68
30 78.8 91.9 3:47pm 65.4 5:02am 0 14 0.00 3 17 2:02pm S 29.93 63
31 75.7 87.2 2:26pm 66.4 6:00am 0 11 0.48 4 26 4:35am ENE 29.90 75
---------------------------------------------------------------------------------------
TOT 77.1 100.4 7/7/12 60.1 7/29/12 2 432 2.48 4 37 7/24/12 W 29.92 70
HEAT BASE: 65.0
COOL BASE: 65.0
|