Peotone Weather
NOAA Reports!
Select the month or the year you are looking for.
2018: 2018_01.txt
Jan | 2018_02.txt
Feb | 2018_03.txt
Mar | 2018_04.txt
Apr | 2018_05.txt
May | 2018_06.txt
Jun | 2018_07.txt
Jul | 2018_08.txt
Aug | 2018_09.txt
Sep | 2018_10.txt
Oct | 2018_11.txt
Nov | 2018_12.txt
Dec 2017: 2017_01.txt
Jan | 2017_02.txt
Feb | 2017_03.txt
Mar | 2017_04.txt
Apr | 2017_05.txt
May | 2017_06.txt
Jun | 2017_07.txt
Jul | 2017_08.txt
Aug | 2017_09.txt
Sep | 2017_10.txt
Oct | 2017_11.txt
Nov | 2017_12.txt
Dec 2016: 2016_01.txt
Jan | 2016_02.txt
Feb | 2016_03.txt
Mar | 2016_04.txt
Apr | 2016_05.txt
May | 2016_06.txt
Jun | 2016_07.txt
Jul | 2016_08.txt
Aug | 2016_09.txt
Sep | 2016_10.txt
Oct | 2016_11.txt
Nov | 2016_12.txt
Dec 2015: 2015_01.txt
Jan | 2015_02.txt
Feb | 2015_03.txt
Mar | 2015_04.txt
Apr | 2015_05.txt
May | 2015_06.txt
Jun | 2015_07.txt
Jul | 2015_08.txt
Aug | 2015_09.txt
Sep | 2015_10.txt
Oct | 2015_11.txt
Nov | 2015_12.txt
Dec 2014: 2014_01.txt
Jan | 2014_02.txt
Feb | 2014_03.txt
Mar | 2014_04.txt
Apr | 2014_05.txt
May | 2014_06.txt
Jun | 2014_07.txt
Jul | 2014_08.txt
Aug | 2014_09.txt
Sep | 2014_10.txt
Oct | 2014_11.txt
Nov | 2014_12.txt
Dec 2013: 2013_01.txt
Jan | 2013_02.txt
Feb | 2013_03.txt
Mar | 2013_04.txt
Apr | 2013_05.txt
May | 2013_06.txt
Jun | 2013_07.txt
Jul | 2013_08.txt
Aug | 2013_09.txt
Sep | 2013_10.txt
Oct | 2013_11.txt
Nov | 2013_12.txt
Dec 2012: 2012_01.txt
Jan | 2012_02.txt
Feb | 2012_03.txt
Mar | 2012_04.txt
Apr | 2012_05.txt
May | 2012_06.txt
Jun | 2012_07.txt
Jul | 2012_08.txt
Aug | 2012_09.txt
Sep | 2012_10.txt
Oct | 2012_11.txt
Nov | 2012_12.txt
Dec 2011: 2011_01.txt
Jan | 2011_02.txt
Feb | 2011_03.txt
Mar | 2011_04.txt
Apr | 2011_05.txt
May | 2011_06.txt
Jun | 2011_07.txt
Jul | 2011_08.txt
Aug | 2011_09.txt
Sep | 2011_10.txt
Oct | 2011_11.txt
Nov | 2011_12.txt
Dec 2010: 2010_01.txt
Jan | 2010_02.txt
Feb | 2010_03.txt
Mar | 2010_04.txt
Apr | 2010_05.txt
May | 2010_06.txt
Jun | 2010_07.txt
Jul | 2010_08.txt
Aug | 2010_09.txt
Sep | 2010_10.txt
Oct | 2010_11.txt
Nov | 2010_12.txt
Dec 2009: 2009_01.txt
Jan | 2009_02.txt
Feb | 2009_03.txt
Mar | 2009_04.txt
Apr | 2009_05.txt
May | 2009_06.txt
Jun | 2009_07.txt
Jul | 2009_08.txt
Aug | 2009_09.txt
Sep | 2009_10.txt
Oct | 2009_11.txt
Nov | 2009_12.txt
Dec 2008: 2008_01.txt
Jan | 2008_02.txt
Feb | 2008_03.txt
Mar | 2008_04.txt
Apr | 2008_05.txt
May | 2008_06.txt
Jun | 2008_07.txt
Jul | 2008_08.txt
Aug | 2008_09.txt
Sep | 2008_10.txt
Oct | 2008_11.txt
Nov | 2008_12.txt
Dec 2007: 2007_01.txt
Jan | 2007_02.txt
Feb | 2007_03.txt
Mar | 2007_04.txt
Apr | 2007_05.txt
May | 2007_06.txt
Jun | 2007_07.txt
Jul | 2007_08.txt
Aug | 2007_09.txt
Sep | 2007_10.txt
Oct | 2007_11.txt
Nov | 2007_12.txt
Dec
Report for 2011 12
MONTHLY CLIMATOLOGICAL SUMMARY FOR 12/2011 HEAT COOL MEAN DEG DEG WIND SPEED DOM MEAN MEAN DAY TEMP HIGH TIME LOW TIME DAYS DAYS RAIN AVG HI TIME DIR BAROM HUM --------------------------------------------------------------------------------------- 1 35.2 46.3 2:13pm 26.5 5:35am 30 0 0.00 4 14 11:16am S 30.23 74 2 35.7 42.7 1:54pm 32.1 10:16pm 29 0 0.00 4 12 1:32am SE 30.37 79 3 44.9 51.8 1:58pm 33.5 12:00am 20 0 0.09 7 44 11:04pm SSE 30.17 76 4 43.1 51.9 8:29am 35.6 11:45pm 22 0 0.08 10 33 6:07am WNW 30.05 83 5 37.2 39.5 2:39pm 34.3 5:49am 28 0 0.00 5 17 8:20pm NNW 30.22 80 6 33.8 37.6 11:50am 26.5 8:43pm 31 0 0.00 4 20 7:05am NE 30.19 71 7 30.1 35.4 2:25pm 25.0 10:56pm 35 0 0.00 6 24 3:13pm W 30.06 69 8 30.1 37.5 1:01pm 23.3 6:24am 35 0 0.00 3 13 10:24am WSW 30.17 75 9 24.5 31.2 12:00am 15.5 11:53pm 41 0 0.08 6 21 1:57pm W 30.29 72 10 18.7 26.0 10:33pm 11.0 7:42am 46 0 0.00 4 15 2:58pm W 30.46 66 11 30.4 42.6 1:52pm 23.8 3:59am 35 0 0.00 6 19 8:55am S 30.40 72 12 32.5 45.6 1:24pm 21.8 7:08am 32 0 0.00 3 15 1:03pm SSE 30.37 69 13 39.1 44.0 12:40pm 35.4 2:11am 26 0 0.29 3 14 3:06pm SSE 30.33 79 14 47.0 54.3 11:56pm 39.5 12:00am 18 0 1.65 9 36 9:19pm SSE 29.96 90 15 42.4 56.0 3:16am 30.9 11:50pm 22 0 0.02 14 35 2:06pm W 29.91 78 16 28.8 33.6 1:54pm 25.8 7:38am 36 0 0.00 4 16 1:00am WNW 30.31 76 17 29.5 32.9 2:44pm 26.2 12:00am 35 0 0.04 3 13 12:32pm WNW 30.22 84 18 34.0 43.6 2:53pm 23.0 3:52am 31 0 0.00 5 23 7:46pm S 30.13 81 19 44.4 51.6 11:24am 38.9 11:58pm 21 0 0.00 7 23 11:31am NE 30.05 74 20 36.8 39.1 11:55pm 34.6 7:34am 28 0 0.06 3 13 12:10am E 30.05 79 21 39.8 40.9 12:11pm 38.5 11:53pm 25 0 0.02 5 19 1:41pm W 29.83 91 22 34.5 38.5 12:00am 29.4 7:41am 31 0 0.02 3 17 7:43pm N 30.13 91 23 29.0 33.6 12:50pm 23.0 7:32am 36 0 0.00 7 21 7:34pm NW 30.33 80 24 29.8 39.3 2:43pm 21.0 7:33am 35 0 0.00 5 21 12:43pm SW 30.32 82 25 35.0 43.3 2:16pm 28.6 11:28pm 30 0 0.00 8 27 11:27am WNW 30.22 76 26 33.1 44.3 12:37pm 21.9 7:11am 32 0 0.06 5 24 10:43am S 30.21 81 27 34.7 38.7 2:26pm 27.3 11:58pm 30 0 0.11 8 25 3:26pm NW 29.78 85 28 27.0 30.9 11:59pm 20.8 6:07am 38 0 0.00 3 15 12:25am SSE 30.04 78 29 38.3 48.0 2:51pm 30.9 12:00am 27 0 0.00 7 29 12:15pm S 29.71 81 30 40.0 45.2 12:45pm 34.1 12:27am 25 0 0.18 5 21 9:02pm ESE 29.65 91 31 35.9 38.6 8:42pm 32.7 6:44am 29 0 0.00 7 24 7:26pm SSE 29.95 90 --------------------------------------------------------------------------------------- TOT 34.7 56.0 12/15/11 11.0 12/10/11 939 0 2.70 6 44 12/3/11 S 30.13 79 HEAT BASE: 65.0 COOL BASE: 65.0