Peotone Weather
NOAA Reports!
Select the month or the year you are looking for.
2014: Jan | Feb | Mar | Apr | May | Jun | Jul | Aug | Sep | Oct | Nov | Dec 
2013: Jan | Feb | Mar | Apr | May | Jun | Jul | Aug | Sep | Oct | Nov | Dec 
2012: Jan | Feb | Mar | Apr | May | Jun | Jul | Aug | Sep | Oct | Nov | Dec 
2011: Jan | Feb | Mar | Apr | May | Jun | Jul | Aug | Sep | Oct | Nov | Dec 
2010: Jan | Feb | Mar | Apr | May | Jun | Jul | Aug | Sep | Oct | Nov | Dec 
2009: Jan | Feb | Mar | Apr | May | Jun | Jul | Aug | Sep | Oct | Nov | Dec 
2008: Jan | Feb | Mar | Apr | May | Jun | Jul | Aug | Sep | Oct | Nov | Dec 
2007: Jan | Feb | Mar | Apr | May | Jun | Jul | Aug | Sep | Oct | Nov | Dec 

Report for 2011 12
MONTHLY CLIMATOLOGICAL SUMMARY FOR 12/2011 HEAT COOL MEAN DEG DEG WIND SPEED DOM MEAN MEAN DAY TEMP HIGH TIME LOW TIME DAYS DAYS RAIN AVG HI TIME DIR BAROM HUM --------------------------------------------------------------------------------------- 1 35.2 46.3 2:13pm 26.5 5:35am 30 0 0.00 4 14 11:16am S 30.23 74 2 35.7 42.7 1:54pm 32.1 10:16pm 29 0 0.00 4 12 1:32am SE 30.37 79 3 44.9 51.8 1:58pm 33.5 12:00am 20 0 0.09 7 44 11:04pm SSE 30.17 76 4 43.1 51.9 8:29am 35.6 11:45pm 22 0 0.08 10 33 6:07am WNW 30.05 83 5 37.2 39.5 2:39pm 34.3 5:49am 28 0 0.00 5 17 8:20pm NNW 30.22 80 6 33.8 37.6 11:50am 26.5 8:43pm 31 0 0.00 4 20 7:05am NE 30.19 71 7 30.1 35.4 2:25pm 25.0 10:56pm 35 0 0.00 6 24 3:13pm W 30.06 69 8 30.1 37.5 1:01pm 23.3 6:24am 35 0 0.00 3 13 10:24am WSW 30.17 75 9 24.5 31.2 12:00am 15.5 11:53pm 41 0 0.08 6 21 1:57pm W 30.29 72 10 18.7 26.0 10:33pm 11.0 7:42am 46 0 0.00 4 15 2:58pm W 30.46 66 11 30.4 42.6 1:52pm 23.8 3:59am 35 0 0.00 6 19 8:55am S 30.40 72 12 32.5 45.6 1:24pm 21.8 7:08am 32 0 0.00 3 15 1:03pm SSE 30.37 69 13 39.1 44.0 12:40pm 35.4 2:11am 26 0 0.29 3 14 3:06pm SSE 30.33 79 14 47.0 54.3 11:56pm 39.5 12:00am 18 0 1.65 9 36 9:19pm SSE 29.96 90 15 42.4 56.0 3:16am 30.9 11:50pm 22 0 0.02 14 35 2:06pm W 29.91 78 16 28.8 33.6 1:54pm 25.8 7:38am 36 0 0.00 4 16 1:00am WNW 30.31 76 17 29.5 32.9 2:44pm 26.2 12:00am 35 0 0.04 3 13 12:32pm WNW 30.22 84 18 34.0 43.6 2:53pm 23.0 3:52am 31 0 0.00 5 23 7:46pm S 30.13 81 19 44.4 51.6 11:24am 38.9 11:58pm 21 0 0.00 7 23 11:31am NE 30.05 74 20 36.8 39.1 11:55pm 34.6 7:34am 28 0 0.06 3 13 12:10am E 30.05 79 21 39.8 40.9 12:11pm 38.5 11:53pm 25 0 0.02 5 19 1:41pm W 29.83 91 22 34.5 38.5 12:00am 29.4 7:41am 31 0 0.02 3 17 7:43pm N 30.13 91 23 29.0 33.6 12:50pm 23.0 7:32am 36 0 0.00 7 21 7:34pm NW 30.33 80 24 29.8 39.3 2:43pm 21.0 7:33am 35 0 0.00 5 21 12:43pm SW 30.32 82 25 35.0 43.3 2:16pm 28.6 11:28pm 30 0 0.00 8 27 11:27am WNW 30.22 76 26 33.1 44.3 12:37pm 21.9 7:11am 32 0 0.06 5 24 10:43am S 30.21 81 27 34.7 38.7 2:26pm 27.3 11:58pm 30 0 0.11 8 25 3:26pm NW 29.78 85 28 27.0 30.9 11:59pm 20.8 6:07am 38 0 0.00 3 15 12:25am SSE 30.04 78 29 38.3 48.0 2:51pm 30.9 12:00am 27 0 0.00 7 29 12:15pm S 29.71 81 30 40.0 45.2 12:45pm 34.1 12:27am 25 0 0.18 5 21 9:02pm ESE 29.65 91 31 35.9 38.6 8:42pm 32.7 6:44am 29 0 0.00 7 24 7:26pm SSE 29.95 90 --------------------------------------------------------------------------------------- TOT 34.7 56.0 12/15/11 11.0 12/10/11 939 0 2.70 6 44 12/3/11 S 30.13 79 HEAT BASE: 65.0 COOL BASE: 65.0