Peotone Weather
NOAA Reports!
Select the month or the year you are looking for.
2014: Jan | Feb | Mar | Apr | May | Jun | Jul | Aug | Sep | Oct | Nov | Dec 
2013: Jan | Feb | Mar | Apr | May | Jun | Jul | Aug | Sep | Oct | Nov | Dec 
2012: Jan | Feb | Mar | Apr | May | Jun | Jul | Aug | Sep | Oct | Nov | Dec 
2011: Jan | Feb | Mar | Apr | May | Jun | Jul | Aug | Sep | Oct | Nov | Dec 
2010: Jan | Feb | Mar | Apr | May | Jun | Jul | Aug | Sep | Oct | Nov | Dec 
2009: Jan | Feb | Mar | Apr | May | Jun | Jul | Aug | Sep | Oct | Nov | Dec 
2008: Jan | Feb | Mar | Apr | May | Jun | Jul | Aug | Sep | Oct | Nov | Dec 
2007: Jan | Feb | Mar | Apr | May | Jun | Jul | Aug | Sep | Oct | Nov | Dec 

Report for 2010 07
MONTHLY CLIMATOLOGICAL SUMMARY FOR 7/2010 HEAT COOL MEAN DEG DEG WIND SPEED DOM MEAN MEAN DAY TEMP HIGH TIME LOW TIME DAYS DAYS RAIN AVG HI TIME DIR BAROM HUM --------------------------------------------------------------------------------------- 1 66.1 80.4 4:37pm 50.3 5:23am 4 5 0.00 2 15 10:35am ENE 30.32 64 2 70.3 84.2 4:36pm 55.7 5:45am 2 8 0.00 3 18 2:53pm SE 30.23 64 3 73.0 89.1 4:57pm 55.7 4:13am 2 10 0.00 4 18 4:40pm SE 30.07 66 4 79.7 94.2 3:50pm 64.5 2:08am 0 15 0.00 6 26 12:20pm SE 29.96 72 5 81.7 91.1 2:51pm 73.0 11:40pm 0 17 0.00 8 33 11:35am S 29.95 67 6 79.8 92.3 2:23pm 70.1 2:34am 0 15 0.26 6 25 6:47pm S 30.00 75 7 79.4 94.2 3:09pm 68.9 5:35am 0 14 0.07 4 19 6:28pm SSE 30.06 81 8 76.7 89.5 5:37pm 68.8 8:23pm 0 12 1.51 3 31 7:36pm WNW 30.01 88 9 76.5 87.3 2:29pm 66.9 11:58pm 0 12 0.00 3 16 2:10pm NNW 29.99 78 10 75.9 87.9 4:35pm 62.5 5:38am 0 11 0.00 3 17 2:44pm W 29.99 73 11 75.3 87.2 11:22am 64.5 5:47am 0 10 0.42 4 27 9:23pm S 29.85 75 12 74.3 84.9 5:16pm 64.3 5:31am 0 9 0.03 3 13 11:58am WNW 29.76 82 13 74.1 86.8 4:24pm 65.5 4:58am 0 9 0.78 3 28 3:42am ENE 29.88 84 14 79.2 90.5 3:04pm 67.4 3:27am 0 14 0.00 4 18 5:12pm SSE 30.00 82 15 81.4 90.8 2:38pm 70.9 11:58pm 0 16 0.00 6 20 5:21pm WNW 29.94 81 16 77.3 90.0 4:58pm 63.6 4:56am 0 12 0.00 4 15 5:19pm NW 29.99 71 17 78.8 91.2 2:36pm 65.5 5:37am 0 14 0.00 4 19 8:44am W 29.93 76 18 78.7 90.5 3:52pm 68.2 5:37am 0 14 0.33 5 27 12:00pm WSW 29.87 84 19 75.7 83.9 1:34pm 66.8 5:28am 0 11 0.00 3 14 11:43pm WNW 29.91 82 20 73.6 84.6 3:47pm 66.8 4:17am 0 9 0.00 4 15 5:25pm S 29.95 86 21 78.4 88.7 1:56pm 69.1 6:08am 0 13 0.00 4 15 8:27am W 30.03 79 22 79.4 89.4 4:36pm 68.5 5:03am 0 14 0.00 5 31 5:41pm S 29.95 85 23 82.1 94.0 4:34pm 71.3 11:20pm 0 17 0.06 8 39 6:27pm WSW 29.89 82 24 77.8 89.5 4:03pm 70.9 5:09am 0 13 1.93 5 29 7:15am WNW 29.90 89 25 74.1 82.1 5:38pm 64.3 11:19pm 0 9 0.83 4 19 11:41am ENE 30.04 80 26 73.3 84.4 2:56pm 62.0 5:38am 0 9 0.00 2 13 9:43am ESE 30.12 80 27 77.5 88.8 2:52pm 66.1 5:51am 0 13 0.00 3 13 12:55pm ESE 30.04 80 28 80.0 91.8 3:11pm 73.9 5:48am 0 15 0.08 5 24 4:12pm WSW 29.97 87 29 74.1 82.9 2:26pm 65.5 11:35pm 0 9 0.00 3 13 12:20pm NE 30.08 78 30 70.9 78.6 1:24pm 66.0 5:04am 0 6 0.00 2 10 11:04am ESE 30.01 81 31 68.5 73.5 4:42pm 64.0 7:06am 0 4 0.75 2 16 5:54am ESE 29.86 90 --------------------------------------------------------------------------------------- TOT 76.2 94.2 7/4/10 50.3 7/1/10 9 358 7.05 4 39 7/23/10 S 29.99 79 HEAT BASE: 65.0 COOL BASE: 65.0