2024: 2024_01.txt
Jan | 2024_02.txt
Feb | 2024_03.txt
Mar | 2024_04.txt
Apr | 2024_05.txt
May | 2024_06.txt
Jun | 2024_07.txt
Jul | 2024_08.txt
Aug | 2024_09.txt
Sep | 2024_10.txt
Oct | 2024_11.txt
Nov | 2024_12.txt
Dec
2023: 2023_01.txt
Jan | 2023_02.txt
Feb | 2023_03.txt
Mar | 2023_04.txt
Apr | 2023_05.txt
May | 2023_06.txt
Jun | 2023_07.txt
Jul | 2023_08.txt
Aug | 2023_09.txt
Sep | 2023_10.txt
Oct | 2023_11.txt
Nov | 2023_12.txt
Dec
2022: 2022_01.txt
Jan | 2022_02.txt
Feb | 2022_03.txt
Mar | 2022_04.txt
Apr | 2022_05.txt
May | 2022_06.txt
Jun | 2022_07.txt
Jul | 2022_08.txt
Aug | 2022_09.txt
Sep | 2022_10.txt
Oct | 2022_11.txt
Nov | 2022_12.txt
Dec
2021: 2021_01.txt
Jan | 2021_02.txt
Feb | 2021_03.txt
Mar | 2021_04.txt
Apr | 2021_05.txt
May | 2021_06.txt
Jun | 2021_07.txt
Jul | 2021_08.txt
Aug | 2021_09.txt
Sep | 2021_10.txt
Oct | 2021_11.txt
Nov | 2021_12.txt
Dec
2020: 2020_01.txt
Jan | 2020_02.txt
Feb | 2020_03.txt
Mar | 2020_04.txt
Apr | 2020_05.txt
May | 2020_06.txt
Jun | 2020_07.txt
Jul | 2020_08.txt
Aug | 2020_09.txt
Sep | 2020_10.txt
Oct | 2020_11.txt
Nov | 2020_12.txt
Dec
2019: 2019_01.txt
Jan | 2019_02.txt
Feb | 2019_03.txt
Mar | 2019_04.txt
Apr | 2019_05.txt
May | 2019_06.txt
Jun | 2019_07.txt
Jul | 2019_08.txt
Aug | 2019_09.txt
Sep | 2019_10.txt
Oct | 2019_11.txt
Nov | 2019_12.txt
Dec
2018: 2018_01.txt
Jan | 2018_02.txt
Feb | 2018_03.txt
Mar | 2018_04.txt
Apr | 2018_05.txt
May | 2018_06.txt
Jun | 2018_07.txt
Jul | 2018_08.txt
Aug | 2018_09.txt
Sep | 2018_10.txt
Oct | 2018_11.txt
Nov | 2018_12.txt
Dec
2017: 2017_01.txt
Jan | 2017_02.txt
Feb | 2017_03.txt
Mar | 2017_04.txt
Apr | 2017_05.txt
May | 2017_06.txt
Jun | 2017_07.txt
Jul | 2017_08.txt
Aug | 2017_09.txt
Sep | 2017_10.txt
Oct | 2017_11.txt
Nov | 2017_12.txt
Dec
2016: 2016_01.txt
Jan | 2016_02.txt
Feb | 2016_03.txt
Mar | 2016_04.txt
Apr | 2016_05.txt
May | 2016_06.txt
Jun | 2016_07.txt
Jul | 2016_08.txt
Aug | 2016_09.txt
Sep | 2016_10.txt
Oct | 2016_11.txt
Nov | 2016_12.txt
Dec
2015: 2015_01.txt
Jan | 2015_02.txt
Feb | 2015_03.txt
Mar | 2015_04.txt
Apr | 2015_05.txt
May | 2015_06.txt
Jun | 2015_07.txt
Jul | 2015_08.txt
Aug | 2015_09.txt
Sep | 2015_10.txt
Oct | 2015_11.txt
Nov | 2015_12.txt
Dec
2014: 2014_01.txt
Jan | 2014_02.txt
Feb | 2014_03.txt
Mar | 2014_04.txt
Apr | 2014_05.txt
May | 2014_06.txt
Jun | 2014_07.txt
Jul | 2014_08.txt
Aug | 2014_09.txt
Sep | 2014_10.txt
Oct | 2014_11.txt
Nov | 2014_12.txt
Dec
2013: 2013_01.txt
Jan | 2013_02.txt
Feb | 2013_03.txt
Mar | 2013_04.txt
Apr | 2013_05.txt
May | 2013_06.txt
Jun | 2013_07.txt
Jul | 2013_08.txt
Aug | 2013_09.txt
Sep | 2013_10.txt
Oct | 2013_11.txt
Nov | 2013_12.txt
Dec
2012: 2012_01.txt
Jan | 2012_02.txt
Feb | 2012_03.txt
Mar | 2012_04.txt
Apr | 2012_05.txt
May | 2012_06.txt
Jun | 2012_07.txt
Jul | 2012_08.txt
Aug | 2012_09.txt
Sep | 2012_10.txt
Oct | 2012_11.txt
Nov | 2012_12.txt
Dec
2011: 2011_01.txt
Jan | 2011_02.txt
Feb | 2011_03.txt
Mar | 2011_04.txt
Apr | 2011_05.txt
May | 2011_06.txt
Jun | 2011_07.txt
Jul | 2011_08.txt
Aug | 2011_09.txt
Sep | 2011_10.txt
Oct | 2011_11.txt
Nov | 2011_12.txt
Dec
2010: 2010_01.txt
Jan | 2010_02.txt
Feb | 2010_03.txt
Mar | 2010_04.txt
Apr | 2010_05.txt
May | 2010_06.txt
Jun | 2010_07.txt
Jul | 2010_08.txt
Aug | 2010_09.txt
Sep | 2010_10.txt
Oct | 2010_11.txt
Nov | 2010_12.txt
Dec
2009: 2009_01.txt
Jan | 2009_02.txt
Feb | 2009_03.txt
Mar | 2009_04.txt
Apr | 2009_05.txt
May | 2009_06.txt
Jun | 2009_07.txt
Jul | 2009_08.txt
Aug | 2009_09.txt
Sep | 2009_10.txt
Oct | 2009_11.txt
Nov | 2009_12.txt
Dec
2008: 2008_01.txt
Jan | 2008_02.txt
Feb | 2008_03.txt
Mar | 2008_04.txt
Apr | 2008_05.txt
May | 2008_06.txt
Jun | 2008_07.txt
Jul | 2008_08.txt
Aug | 2008_09.txt
Sep | 2008_10.txt
Oct | 2008_11.txt
Nov | 2008_12.txt
Dec
2007: 2007_01.txt
Jan | 2007_02.txt
Feb | 2007_03.txt
Mar | 2007_04.txt
Apr | 2007_05.txt
May | 2007_06.txt
Jun | 2007_07.txt
Jul | 2007_08.txt
Aug | 2007_09.txt
Sep | 2007_10.txt
Oct | 2007_11.txt
Nov | 2007_12.txt
Dec
Report for 2009 08
MONTHLY CLIMATOLOGICAL SUMMARY FOR 8/2009
HEAT COOL
MEAN DEG DEG WIND SPEED DOM MEAN MEAN
DAY TEMP HIGH TIME LOW TIME DAYS DAYS RAIN AVG HI TIME DIR BAROM HUM
---------------------------------------------------------------------------------------
1 65.8 74.9 10:27am 57.1 5:36am 2 3 0.02 6 22 10:57am S 29.96 79
2 66.6 77.7 4:57pm 54.3 6:01am 3 4 0.01 5 18 12:50pm W 29.96 69
3 72.4 85.3 2:34pm 59.9 12:16am 1 8 0.00 7 25 3:54pm S 29.88 73
4 74.2 85.3 4:33pm 64.4 5:24am 0 9 0.00 3 17 11:05am W 29.88 81
5 70.3 80.8 2:27pm 59.9 11:58pm 1 6 0.00 3 12 4:25pm NE 30.05 66
6 69.8 82.5 3:52pm 56.0 5:29am 2 7 0.00 2 13 12:34pm ESE 30.11 62
7 65.6 70.7 1:10pm 59.3 2:44am 1 2 0.13 2 12 5:44pm SE 30.11 81
8 77.4 89.9 2:52pm 65.9 12:00am 0 12 0.05 8 27 4:39pm SSW 29.98 80
9 82.6 91.5 3:22pm 74.0 5:04am 0 17 0.00 9 24 9:17am SSW 29.99 75
10 76.0 85.2 2:55pm 66.5 6:00am 0 11 0.00 6 21 12:49am W 29.99 76
11 71.9 82.6 11:35am 62.2 11:38pm 0 7 0.15 3 13 1:45pm W 30.01 80
12 69.2 82.4 2:42pm 57.3 3:35am 2 6 0.00 3 15 1:45pm NW 30.10 69
13 70.3 85.8 4:25pm 55.4 5:59am 2 8 0.00 1 9 12:58pm ENE 30.12 67
14 73.9 87.7 2:52pm 60.2 5:40am 1 10 0.00 3 16 11:28am S 30.12 68
15 75.2 89.4 3:26pm 61.6 5:59am 0 11 0.00 4 21 3:30pm SSE 30.07 68
16 74.9 88.2 12:27pm 65.8 4:57am 0 10 0.02 5 32 3:10pm SE 30.02 79
17 74.1 84.2 2:31pm 69.2 7:15am 0 9 0.60 4 18 2:30pm SSE 30.03 84
18 73.2 82.4 2:15pm 67.4 11:58pm 0 8 0.00 5 16 4:16pm WNW 30.01 76
19 69.9 80.3 12:21pm 59.5 5:42am 1 5 0.88 5 23 5:30pm ESE 29.88 78
20 70.1 77.8 3:48pm 64.0 11:59pm 0 5 0.14 8 27 3:09pm WSW 29.70 79
21 64.6 74.9 2:41pm 59.5 5:55am 2 2 0.03 7 23 12:39pm WSW 29.78 83
22 62.4 70.4 1:45pm 56.1 6:01am 4 1 0.06 4 17 10:48am NNW 30.00 76
23 64.2 74.1 4:48pm 56.1 11:58pm 3 2 0.00 4 14 10:02am NNW 30.09 77
24 65.5 79.0 4:15pm 51.3 6:10am 4 4 0.00 2 12 12:30pm SSE 30.15 76
25 69.0 81.8 2:17pm 55.8 6:37am 2 6 0.00 4 22 3:42pm S 30.09 76
26 67.4 77.5 12:45pm 63.1 3:43am 0 3 0.01 3 18 5:31pm SSW 30.08 87
27 64.2 66.7 2:19pm 61.1 11:49pm 1 0 1.95 5 19 11:41pm ENE 30.07 91
28 64.4 72.4 2:48pm 60.4 2:13am 2 1 0.84 2 16 2:35am E 29.94 91
29 60.1 66.7 5:02pm 53.1 10:30pm 4 0 0.01 6 24 9:27am WNW 29.90 81
30 58.9 68.6 1:19pm 47.7 11:37pm 6 0 0.00 4 17 8:44am NNW 30.12 74
31 56.6 69.4 3:55pm 45.2 4:47am 9 1 0.00 3 17 11:48am NE 30.26 72
---------------------------------------------------------------------------------------
TOT 69.1 91.5 8/9/09 45.2 8/31/09 54 179 4.90 4 30 8/16/09 S 30.01 77
HEAT BASE: 65.0
COOL BASE: 65.0
|