Peotone Weather
NOAA Reports!
Select the month or the year you are looking for.
2014: Jan | Feb | Mar | Apr | May | Jun | Jul | Aug | Sep | Oct | Nov | Dec 
2013: Jan | Feb | Mar | Apr | May | Jun | Jul | Aug | Sep | Oct | Nov | Dec 
2012: Jan | Feb | Mar | Apr | May | Jun | Jul | Aug | Sep | Oct | Nov | Dec 
2011: Jan | Feb | Mar | Apr | May | Jun | Jul | Aug | Sep | Oct | Nov | Dec 
2010: Jan | Feb | Mar | Apr | May | Jun | Jul | Aug | Sep | Oct | Nov | Dec 
2009: Jan | Feb | Mar | Apr | May | Jun | Jul | Aug | Sep | Oct | Nov | Dec 
2008: Jan | Feb | Mar | Apr | May | Jun | Jul | Aug | Sep | Oct | Nov | Dec 
2007: Jan | Feb | Mar | Apr | May | Jun | Jul | Aug | Sep | Oct | Nov | Dec 

Report for 2008 09
MONTHLY CLIMATOLOGICAL SUMMARY FOR 9/2008 HEAT COOL MEAN DEG DEG WIND SPEED DOM MEAN MEAN DAY TEMP HIGH TIME LOW TIME DAYS DAYS RAIN AVG HI TIME DIR BAROM HUM --------------------------------------------------------------------------------------- 1 75.3 89.8 2:54pm 60.9 6:39am 1 10 0.00 4 19 1:05pm E 30.10 54 2 76.9 97.7 4:07pm 63.8 6:30am 0 12 0.00 3 27 5:05pm E 30.03 63 3 71.6 77.4 10:50am 66.2 11:42pm 0 7 0.00 6 27 5:38pm E 30.01 80 4 65.3 67.1 2:25am 63.1 9:29pm 0 1 3.31 8 26 5:19pm E 29.80 96 5 62.3 66.9 4:27pm 59.0 6:56am 3 0 0.00 5 24 2:14am NW 29.90 91 6 64.0 73.0 12:43pm 54.0 5:25am 3 2 0.00 3 17 4:08pm NW 30.00 76 7 64.4 72.5 2:24pm 58.1 6:53am 3 2 0.20 4 21 11:13am WSW 30.07 72 8 60.2 68.2 10:38am 53.1 11:58pm 5 0 1.61 4 19 10:54pm WSW 30.10 91 9 57.4 67.5 2:58pm 47.8 6:24am 8 0 0.04 5 20 12:56pm NW 30.14 71 10 61.7 73.2 3:28pm 47.3 6:22am 5 2 0.00 4 21 2:41pm E 30.19 61 11 65.0 77.5 12:47pm 52.7 6:48am 4 4 0.43 5 21 10:29pm SW 30.09 80 12 69.9 72.0 2:24pm 68.4 6:28am 0 5 0.59 6 21 1:57am WSW 29.98 100 13 73.1 80.2 12:39pm 68.2 12:51am 0 8 3.94 9 33 9:41pm SW 29.75 96 14 64.9 70.5 12:00am 58.6 11:54pm 2 2 3.94 6 30 2:47pm NW 29.65 99 15 59.4 64.8 11:22am 56.5 4:08am 6 0 0.08 3 17 8:11am NW 30.08 94 16 60.4 70.7 4:17pm 50.2 6:44am 6 1 0.00 3 16 4:20pm SW 30.20 72 17 66.5 80.6 3:31pm 54.7 4:20am 3 5 0.00 6 19 6:57pm WSW 30.17 66 18 66.2 76.3 2:49pm 58.6 6:58am 2 3 0.00 5 16 9:25am E 30.26 71 19 66.0 79.3 3:56pm 54.1 6:47am 3 4 0.00 2 15 1:55pm SW 30.21 62 20 68.1 81.1 2:36pm 57.6 6:26am 2 5 0.00 2 10 12:16pm E 30.16 69 21 68.9 81.9 3:02pm 58.6 5:25am 2 6 0.00 2 17 5:19pm ESE 30.24 71 22 70.1 83.5 3:25pm 60.1 6:54am 1 6 0.00 4 16 3:34pm E 30.30 67 23 69.7 84.2 2:57pm 58.1 6:55am 2 6 0.00 3 17 12:00pm E 30.29 64 24 71.4 83.5 2:12pm 58.8 5:49am 1 6 0.00 2 16 2:27pm SW 30.25 59 25 71.2 82.0 2:29pm 64.0 6:55am 0 6 0.00 5 17 5:05pm E 30.25 72 26 67.5 79.2 2:15pm 57.7 6:41am 2 4 0.00 4 21 1:22pm E 30.15 65 27 66.5 78.4 2:39pm 55.6 6:41am 3 4 0.00 2 16 2:40pm E 30.04 67 28 64.0 72.8 1:03pm 57.8 11:59pm 2 2 0.00 4 22 3:50pm E 30.10 75 29 58.8 63.8 1:05pm 55.3 4:36am 5 0 0.04 3 21 1:45pm E 29.99 91 30 53.8 59.8 1:13pm 47.0 11:57pm 10 0 0.04 5 33 12:25pm NW 29.93 74 --------------------------------------------------------------------------------------- TOT 66.0 97.7 9/2/08 47.0 9/30/08 83 114 14.21 4 33 9/13/08 E 30.08 76 HEAT BASE: 65.0 COOL BASE: 65.0